{"id":15,"date":"2026-03-23T07:08:43","date_gmt":"2026-03-23T07:08:43","guid":{"rendered":"https:\/\/beoshop.azdigi.shop\/?page_id=15"},"modified":"2026-03-23T07:08:49","modified_gmt":"2026-03-23T07:08:49","slug":"hoan-tien-tra-hang","status":"publish","type":"page","link":"https:\/\/beoshop.azdigi.shop\/index.php\/hoan-tien-tra-hang\/","title":{"rendered":"Ch\u00ednh s\u00e1ch \u0111\u1ed5i tr\u1ea3 h\u00e0ng"},"content":{"rendered":"<p><strong>CH\u00cdNH S\u00c1CH \u0110\u1ed4I TR\u1ea2 H\u00c0NG \u2013 BEO\u2019S SHOP<\/strong><\/p>\n<p>Beo\u2019s Shop cam k\u1ebft mang \u0111\u1ebfn cho kh\u00e1ch h\u00e0ng nh\u1eefng s\u1ea3n ph\u1ea9m ch\u1ea5t l\u01b0\u1ee3ng v\u00e0 tr\u1ea3i nghi\u1ec7m mua s\u1eafm t\u1ed1t nh\u1ea5t. Trong tr\u01b0\u1eddng h\u1ee3p s\u1ea3n ph\u1ea9m g\u1eb7p v\u1ea5n \u0111\u1ec1, ch\u00fang t\u00f4i h\u1ed7 tr\u1ee3 \u0111\u1ed5i tr\u1ea3 theo ch\u00ednh s\u00e1ch sau:<\/p>\n<hr \/>\n<p><strong>1. \u0110i\u1ec1u ki\u1ec7n \u0111\u1ed5i tr\u1ea3<\/strong><br \/>\nKh\u00e1ch h\u00e0ng c\u00f3 th\u1ec3 y\u00eau c\u1ea7u \u0111\u1ed5i\/tr\u1ea3 h\u00e0ng trong c\u00e1c tr\u01b0\u1eddng h\u1ee3p:<\/p>\n<ul>\n<li>S\u1ea3n ph\u1ea9m b\u1ecb l\u1ed7i do nh\u00e0 s\u1ea3n xu\u1ea5t<\/li>\n<li>S\u1ea3n ph\u1ea9m b\u1ecb h\u01b0 h\u1ecfng trong qu\u00e1 tr\u00ecnh v\u1eadn chuy\u1ec3n<\/li>\n<li>Giao sai s\u1ea3n ph\u1ea9m, sai k\u00edch th\u01b0\u1edbc ho\u1eb7c m\u1eabu m\u00e3 so v\u1edbi \u0111\u01a1n h\u00e0ng<\/li>\n<\/ul>\n<hr \/>\n<p><strong>2. Th\u1eddi gian \u00e1p d\u1ee5ng<\/strong><\/p>\n<ul>\n<li>Th\u1eddi gian y\u00eau c\u1ea7u \u0111\u1ed5i\/tr\u1ea3: trong v\u00f2ng <strong>3 \u2013 7 ng\u00e0y<\/strong> k\u1ec3 t\u1eeb khi nh\u1eadn h\u00e0ng<\/li>\n<li>Sau th\u1eddi gian tr\u00ean, Beo\u2019s Shop xin ph\u00e9p kh\u00f4ng h\u1ed7 tr\u1ee3 x\u1eed l\u00fd<\/li>\n<\/ul>\n<hr \/>\n<p><strong>3. \u0110i\u1ec1u ki\u1ec7n s\u1ea3n ph\u1ea9m<\/strong><\/p>\n<ul>\n<li>S\u1ea3n ph\u1ea9m c\u00f2n nguy\u00ean v\u1eb9n, ch\u01b0a qua s\u1eed d\u1ee5ng<\/li>\n<li>C\u00f2n \u0111\u1ea7y \u0111\u1ee7 bao b\u00ec, nh\u00e3n m\u00e1c<\/li>\n<li>C\u00f3 h\u00f3a \u0111\u01a1n ho\u1eb7c th\u00f4ng tin \u0111\u01a1n h\u00e0ng \u0111i k\u00e8m<\/li>\n<\/ul>\n<hr \/>\n","protected":false},"excerpt":{"rendered":"<p>CH\u00cdNH S\u00c1CH \u0110\u1ed4I TR\u1ea2 H\u00c0NG \u2013 BEO\u2019S SHOP Beo\u2019s Shop cam k\u1ebft mang \u0111\u1ebfn cho kh\u00e1ch h\u00e0ng nh\u1eefng s\u1ea3n ph\u1ea9m ch\u1ea5t l\u01b0\u1ee3ng v\u00e0 tr\u1ea3i nghi\u1ec7m mua s\u1eafm t\u1ed1t nh\u1ea5t. Trong tr\u01b0\u1eddng h\u1ee3p s\u1ea3n ph\u1ea9m g\u1eb7p v\u1ea5n \u0111\u1ec1, ch\u00fang t\u00f4i h\u1ed7 tr\u1ee3 \u0111\u1ed5i tr\u1ea3 theo ch\u00ednh s\u00e1ch sau: 1. \u0110i\u1ec1u ki\u1ec7n \u0111\u1ed5i tr\u1ea3 Kh\u00e1ch h\u00e0ng c\u00f3 [&#8230;]\n","protected":false},"author":1,"featured_media":0,"parent":0,"menu_order":0,"comment_status":"closed","ping_status":"closed","template":"","meta":{"footnotes":""},"class_list":["post-15","page","type-page","status-publish","hentry"],"yoast_head":"<!-- This site is optimized with the Yoast SEO plugin v27.1.1 - https:\/\/yoast.com\/product\/yoast-seo-wordpress\/ -->\n<title>Ch\u00ednh s\u00e1ch \u0111\u1ed5i tr\u1ea3 h\u00e0ng - thucung123<\/title>\n<meta name=\"robots\" content=\"index, follow, max-snippet:-1, max-image-preview:large, max-video-preview:-1\" \/>\n<link rel=\"canonical\" href=\"https:\/\/beoshop.azdigi.shop\/index.php\/hoan-tien-tra-hang\/\" \/>\n<meta property=\"og:locale\" content=\"vi_VN\" \/>\n<meta property=\"og:type\" content=\"article\" \/>\n<meta property=\"og:title\" content=\"Ch\u00ednh s\u00e1ch \u0111\u1ed5i tr\u1ea3 h\u00e0ng - thucung123\" \/>\n<meta property=\"og:description\" content=\"CH\u00cdNH S\u00c1CH \u0110\u1ed4I TR\u1ea2 H\u00c0NG \u2013 BEO\u2019S SHOP Beo\u2019s Shop cam k\u1ebft mang \u0111\u1ebfn cho kh\u00e1ch h\u00e0ng nh\u1eefng s\u1ea3n ph\u1ea9m ch\u1ea5t l\u01b0\u1ee3ng v\u00e0 tr\u1ea3i nghi\u1ec7m mua s\u1eafm t\u1ed1t nh\u1ea5t. Trong tr\u01b0\u1eddng h\u1ee3p s\u1ea3n ph\u1ea9m g\u1eb7p v\u1ea5n \u0111\u1ec1, ch\u00fang t\u00f4i h\u1ed7 tr\u1ee3 \u0111\u1ed5i tr\u1ea3 theo ch\u00ednh s\u00e1ch sau: 1. \u0110i\u1ec1u ki\u1ec7n \u0111\u1ed5i tr\u1ea3 Kh\u00e1ch h\u00e0ng c\u00f3 [...]\" \/>\n<meta property=\"og:url\" content=\"https:\/\/beoshop.azdigi.shop\/index.php\/hoan-tien-tra-hang\/\" \/>\n<meta property=\"og:site_name\" content=\"thucung123\" \/>\n<meta property=\"article:modified_time\" content=\"2026-03-23T07:08:49+00:00\" \/>\n<meta name=\"twitter:card\" content=\"summary_large_image\" \/>\n<meta name=\"twitter:label1\" content=\"\u01af\u1edbc t\u00ednh th\u1eddi gian \u0111\u1ecdc\" \/>\n\t<meta name=\"twitter:data1\" content=\"1 ph\u00fat\" \/>\n<script type=\"application\/ld+json\" class=\"yoast-schema-graph\">{\"@context\":\"https:\/\/schema.org\",\"@graph\":[{\"@type\":\"WebPage\",\"@id\":\"https:\/\/beoshop.azdigi.shop\/index.php\/hoan-tien-tra-hang\/\",\"url\":\"https:\/\/beoshop.azdigi.shop\/index.php\/hoan-tien-tra-hang\/\",\"name\":\"Ch\u00ednh s\u00e1ch \u0111\u1ed5i tr\u1ea3 h\u00e0ng - thucung123\",\"isPartOf\":{\"@id\":\"https:\/\/beoshop.azdigi.shop\/#website\"},\"datePublished\":\"2026-03-23T07:08:43+00:00\",\"dateModified\":\"2026-03-23T07:08:49+00:00\",\"breadcrumb\":{\"@id\":\"https:\/\/beoshop.azdigi.shop\/index.php\/hoan-tien-tra-hang\/#breadcrumb\"},\"inLanguage\":\"vi\",\"potentialAction\":[{\"@type\":\"ReadAction\",\"target\":[\"https:\/\/beoshop.azdigi.shop\/index.php\/hoan-tien-tra-hang\/\"]}]},{\"@type\":\"BreadcrumbList\",\"@id\":\"https:\/\/beoshop.azdigi.shop\/index.php\/hoan-tien-tra-hang\/#breadcrumb\",\"itemListElement\":[{\"@type\":\"ListItem\",\"position\":1,\"name\":\"Trang ch\u1ee7\",\"item\":\"https:\/\/beoshop.azdigi.shop\/\"},{\"@type\":\"ListItem\",\"position\":2,\"name\":\"Ch\u00ednh s\u00e1ch \u0111\u1ed5i tr\u1ea3 h\u00e0ng\"}]},{\"@type\":\"WebSite\",\"@id\":\"https:\/\/beoshop.azdigi.shop\/#website\",\"url\":\"https:\/\/beoshop.azdigi.shop\/\",\"name\":\"thucung123\",\"description\":\"\",\"publisher\":{\"@id\":\"https:\/\/beoshop.azdigi.shop\/#organization\"},\"potentialAction\":[{\"@type\":\"SearchAction\",\"target\":{\"@type\":\"EntryPoint\",\"urlTemplate\":\"https:\/\/beoshop.azdigi.shop\/?s={search_term_string}\"},\"query-input\":{\"@type\":\"PropertyValueSpecification\",\"valueRequired\":true,\"valueName\":\"search_term_string\"}}],\"inLanguage\":\"vi\"},{\"@type\":\"Organization\",\"@id\":\"https:\/\/beoshop.azdigi.shop\/#organization\",\"name\":\"thucung123\",\"url\":\"https:\/\/beoshop.azdigi.shop\/\",\"logo\":{\"@type\":\"ImageObject\",\"inLanguage\":\"vi\",\"@id\":\"https:\/\/beoshop.azdigi.shop\/#\/schema\/logo\/image\/\",\"url\":\"https:\/\/beoshop.azdigi.shop\/wp-content\/uploads\/2026\/03\/Black-and-White-Simple-Cat-Pet-Accessories-Logo.png\",\"contentUrl\":\"https:\/\/beoshop.azdigi.shop\/wp-content\/uploads\/2026\/03\/Black-and-White-Simple-Cat-Pet-Accessories-Logo.png\",\"width\":2000,\"height\":2000,\"caption\":\"thucung123\"},\"image\":{\"@id\":\"https:\/\/beoshop.azdigi.shop\/#\/schema\/logo\/image\/\"}}]}<\/script>\n<!-- \/ Yoast SEO plugin. -->","yoast_head_json":{"title":"Ch\u00ednh s\u00e1ch \u0111\u1ed5i tr\u1ea3 h\u00e0ng - thucung123","robots":{"index":"index","follow":"follow","max-snippet":"max-snippet:-1","max-image-preview":"max-image-preview:large","max-video-preview":"max-video-preview:-1"},"canonical":"https:\/\/beoshop.azdigi.shop\/index.php\/hoan-tien-tra-hang\/","og_locale":"vi_VN","og_type":"article","og_title":"Ch\u00ednh s\u00e1ch \u0111\u1ed5i tr\u1ea3 h\u00e0ng - thucung123","og_description":"CH\u00cdNH S\u00c1CH \u0110\u1ed4I TR\u1ea2 H\u00c0NG \u2013 BEO\u2019S SHOP Beo\u2019s Shop cam k\u1ebft mang \u0111\u1ebfn cho kh\u00e1ch h\u00e0ng nh\u1eefng s\u1ea3n ph\u1ea9m ch\u1ea5t l\u01b0\u1ee3ng v\u00e0 tr\u1ea3i nghi\u1ec7m mua s\u1eafm t\u1ed1t nh\u1ea5t. Trong tr\u01b0\u1eddng h\u1ee3p s\u1ea3n ph\u1ea9m g\u1eb7p v\u1ea5n \u0111\u1ec1, ch\u00fang t\u00f4i h\u1ed7 tr\u1ee3 \u0111\u1ed5i tr\u1ea3 theo ch\u00ednh s\u00e1ch sau: 1. \u0110i\u1ec1u ki\u1ec7n \u0111\u1ed5i tr\u1ea3 Kh\u00e1ch h\u00e0ng c\u00f3 [...]","og_url":"https:\/\/beoshop.azdigi.shop\/index.php\/hoan-tien-tra-hang\/","og_site_name":"thucung123","article_modified_time":"2026-03-23T07:08:49+00:00","twitter_card":"summary_large_image","twitter_misc":{"\u01af\u1edbc t\u00ednh th\u1eddi gian \u0111\u1ecdc":"1 ph\u00fat"},"schema":{"@context":"https:\/\/schema.org","@graph":[{"@type":"WebPage","@id":"https:\/\/beoshop.azdigi.shop\/index.php\/hoan-tien-tra-hang\/","url":"https:\/\/beoshop.azdigi.shop\/index.php\/hoan-tien-tra-hang\/","name":"Ch\u00ednh s\u00e1ch \u0111\u1ed5i tr\u1ea3 h\u00e0ng - thucung123","isPartOf":{"@id":"https:\/\/beoshop.azdigi.shop\/#website"},"datePublished":"2026-03-23T07:08:43+00:00","dateModified":"2026-03-23T07:08:49+00:00","breadcrumb":{"@id":"https:\/\/beoshop.azdigi.shop\/index.php\/hoan-tien-tra-hang\/#breadcrumb"},"inLanguage":"vi","potentialAction":[{"@type":"ReadAction","target":["https:\/\/beoshop.azdigi.shop\/index.php\/hoan-tien-tra-hang\/"]}]},{"@type":"BreadcrumbList","@id":"https:\/\/beoshop.azdigi.shop\/index.php\/hoan-tien-tra-hang\/#breadcrumb","itemListElement":[{"@type":"ListItem","position":1,"name":"Trang ch\u1ee7","item":"https:\/\/beoshop.azdigi.shop\/"},{"@type":"ListItem","position":2,"name":"Ch\u00ednh s\u00e1ch \u0111\u1ed5i tr\u1ea3 h\u00e0ng"}]},{"@type":"WebSite","@id":"https:\/\/beoshop.azdigi.shop\/#website","url":"https:\/\/beoshop.azdigi.shop\/","name":"thucung123","description":"","publisher":{"@id":"https:\/\/beoshop.azdigi.shop\/#organization"},"potentialAction":[{"@type":"SearchAction","target":{"@type":"EntryPoint","urlTemplate":"https:\/\/beoshop.azdigi.shop\/?s={search_term_string}"},"query-input":{"@type":"PropertyValueSpecification","valueRequired":true,"valueName":"search_term_string"}}],"inLanguage":"vi"},{"@type":"Organization","@id":"https:\/\/beoshop.azdigi.shop\/#organization","name":"thucung123","url":"https:\/\/beoshop.azdigi.shop\/","logo":{"@type":"ImageObject","inLanguage":"vi","@id":"https:\/\/beoshop.azdigi.shop\/#\/schema\/logo\/image\/","url":"https:\/\/beoshop.azdigi.shop\/wp-content\/uploads\/2026\/03\/Black-and-White-Simple-Cat-Pet-Accessories-Logo.png","contentUrl":"https:\/\/beoshop.azdigi.shop\/wp-content\/uploads\/2026\/03\/Black-and-White-Simple-Cat-Pet-Accessories-Logo.png","width":2000,"height":2000,"caption":"thucung123"},"image":{"@id":"https:\/\/beoshop.azdigi.shop\/#\/schema\/logo\/image\/"}}]}},"_links":{"self":[{"href":"https:\/\/beoshop.azdigi.shop\/index.php\/wp-json\/wp\/v2\/pages\/15","targetHints":{"allow":["GET"]}}],"collection":[{"href":"https:\/\/beoshop.azdigi.shop\/index.php\/wp-json\/wp\/v2\/pages"}],"about":[{"href":"https:\/\/beoshop.azdigi.shop\/index.php\/wp-json\/wp\/v2\/types\/page"}],"author":[{"embeddable":true,"href":"https:\/\/beoshop.azdigi.shop\/index.php\/wp-json\/wp\/v2\/users\/1"}],"replies":[{"embeddable":true,"href":"https:\/\/beoshop.azdigi.shop\/index.php\/wp-json\/wp\/v2\/comments?post=15"}],"version-history":[{"count":2,"href":"https:\/\/beoshop.azdigi.shop\/index.php\/wp-json\/wp\/v2\/pages\/15\/revisions"}],"predecessor-version":[{"id":99,"href":"https:\/\/beoshop.azdigi.shop\/index.php\/wp-json\/wp\/v2\/pages\/15\/revisions\/99"}],"wp:attachment":[{"href":"https:\/\/beoshop.azdigi.shop\/index.php\/wp-json\/wp\/v2\/media?parent=15"}],"curies":[{"name":"wp","href":"https:\/\/api.w.org\/{rel}","templated":true}]}}