{"id":566,"date":"2026-04-17T08:55:37","date_gmt":"2026-04-17T08:55:37","guid":{"rendered":"https:\/\/beoshop.azdigi.shop\/?post_type=product&#038;p=566"},"modified":"2026-04-17T08:55:38","modified_gmt":"2026-04-17T08:55:38","slug":"pate-cho-cho-soi-than-royal-canin-urinary-100g","status":"publish","type":"product","link":"https:\/\/beoshop.azdigi.shop\/index.php\/san-pham\/pate-cho-cho-soi-than-royal-canin-urinary-100g\/","title":{"rendered":"Pate Cho Ch\u00f3 S\u1ecfi Th\u1eadn Royal Canin Urinary 100g"},"content":{"rendered":"<h1><strong>Pate Cho Ch\u00f3 S\u1ecfi Th\u1eadn Royal Canin Urinary 100g<\/strong><\/h1>\n<ul>\n<li>Th\u01b0\u01a1ng hi\u1ec7u:\u00a0<strong><a title=\"Royal Canin Th\u1ee9c \u0102n Dinh D\u01b0\u1ee1ng Cao C\u1ea5p\" href=\"https:\/\/beoshop.azdigi.shop\/index.php\/royal-canin\/\" target=\"_blank\" rel=\"noopener\">Royal Canin<\/a><\/strong><\/li>\n<li>Ph\u00f9 h\u1ee3p cho:\u00a0Ch\u00f3 tr\u01b0\u1edfng th\u00e0nh b\u1ecb s\u1ecfi th\u1eadn<\/li>\n<li><strong><a title=\"Pate Ch\u00f3\" href=\"https:\/\/beoshop.azdigi.shop\/index.php\/danh-muc-san-pham\/thuc-an-cho-cho\/thuc-an-ho-tro-dieu-tri-benh\/\" target=\"_blank\" rel=\"noopener\">Pate Cho Ch\u00f3<\/a><\/strong>\u00a0Royal Canin\u00a0Urinary S\/O l\u00e0 th\u1ee9c \u0103n dinh d\u01b0\u1ee1ng ho\u00e0n ch\u1ec9nh cho ch\u00f3, \u0111\u01b0\u1ee3c s\u1ea3n xu\u1ea5t b\u1edfi th\u01b0\u01a1ng hi\u1ec7u Royal Canin n\u1ed5i ti\u1ebfng th\u1ebf gi\u1edbi. V\u1edbi c\u00f4ng th\u1ee9c \u0111\u1eb7c bi\u1ec7t, Royal Canin Urinary gi\u00fap h\u1ed7 tr\u1ee3 h\u00f2a tan s\u1ecfi Struvite v\u00e0 gi\u1ea3m t\u00e1i ph\u00e1t nh\u1edd c\u00e1c th\u00e0nh ph\u1ea7n c\u00f3 th\u1ec3 axit h\u00f3a n\u01b0\u1edbc ti\u1ec3u, \u00edt ch\u1ee9a ph\u00e2n t\u1eed Magie (th\u00e0nh ph\u1ea7n ch\u00ednh c\u1ee7a s\u1ecfi Struvite).<\/li>\n<\/ul>\n<h2><b>L\u1ee3i \u00edch:<\/b><\/h2>\n<ul>\n<li data-sourcepos=\"9:1-9:29\">H\u1ed7 tr\u1ee3 h\u00f2a tan s\u1ecfi Struvite<\/li>\n<li data-sourcepos=\"10:1-10:41\">Gi\u1ea3m nguy c\u01a1 t\u00e1i ph\u00e1t s\u1ecfi th\u1eadn Struvite<\/li>\n<li data-sourcepos=\"11:1-11:33\">Duy tr\u00ec c\u00e2n b\u1eb1ng ch\u1ea5t \u0111i\u1ec7n gi\u1ea3i<\/li>\n<li data-sourcepos=\"12:1-13:0\">Cung c\u1ea5p \u0111\u1ea7y \u0111\u1ee7 dinh d\u01b0\u1ee1ng cho ch\u00f3 tr\u01b0\u1edfng th\u00e0nh<\/li>\n<\/ul>\n<h2><b>Th\u00e0nh ph\u1ea7n<\/b><\/h2>\n<ul>\n<li data-sourcepos=\"5:1-6:0\">Th\u1ecbt g\u00e0, g\u1ea1o, gluten b\u1eafp, m\u1ee1 g\u00e0, protein \u0111\u1ed9ng v\u1eadt th\u1ee7y ph\u00e2n, ch\u1ea5t x\u01a1 th\u1ef1c v\u1eadt, d\u1ea7u c\u00e1, kho\u00e1ng ch\u1ea5t, men bia, chi\u1ebft xu\u1ea5t men,&#8230;<\/li>\n<\/ul>\n<h3><b>H\u01b0\u1edbng d\u1eabn s\u1eed d\u1ee5ng<\/b><\/h3>\n<ul>\n<li>N\u00ean h\u1ecfi \u00fd ki\u1ebfn c\u1ee7a B\u00e1c S\u0129 Th\u00fa Y tr\u01b0\u1edbc khi cho \u0103n.<\/li>\n<li>Cho ch\u00f3 s\u1eed d\u1ee5ng Urinary S\/O t\u1eeb 5 \u0111\u1ebfn 12 tu\u1ea7n \u0111\u1ec3 h\u00f2a tan s\u1ecfi struvite v\u00e0 t\u1ed1i \u0111a trong 6 th\u00e1ng \u0111\u1ec3 gi\u1ea3m t\u00e1i ph\u00e1t. Sau \u0111\u00f3, ch\u00f3 c\u1ea7n \u0111\u01b0\u1ee3c ki\u1ec3m tra \u0111\u1ecbnh k\u1ef3 t\u1ea1i Th\u00fa Y \u0111\u1ec3 nh\u1eadn \u0111\u01b0\u1ee3c l\u1eddi khuy\u00ean cho ch\u1ebf \u0111\u1ed9 \u0103n l\u00e2u d\u00e0i.<\/li>\n<li>L\u01b0u \u00fd: C\u1ea7n ki\u1ec3m tra ch\u1ee9c n\u0103ng th\u1eadn c\u1ee7a ch\u00f3 tr\u01b0\u1edbc khi chuy\u1ec3n sang ch\u1ebf \u0111\u1ed9 \u0103n Urinary S\/O.K\u1ebft h\u1ee3p pate c\u00f9ng c\u00e1c s\u1ea3n ph\u1ea9m dinh d\u01b0\u1ee1ng kh\u00e1c.<\/li>\n<li>Th\u01b0\u1eddng xuy\u00ean v\u1ec7 sinh d\u1ee5ng c\u1ee5 \u0103n u\u1ed1ng c\u1ee7a ch\u00f3.<\/li>\n<li>B\u1ea3o qu\u1ea3n n\u01a1i tho\u00e1ng m\u00e1t<\/li>\n<\/ul>\n","protected":false},"excerpt":{"rendered":"<p>Pate Cho Ch\u00f3 S\u1ecfi Th\u1eadn Royal Canin Urinary 100g Th\u01b0\u01a1ng hi\u1ec7u:\u00a0Royal Canin Ph\u00f9 h\u1ee3p cho:\u00a0Ch\u00f3 tr\u01b0\u1edfng th\u00e0nh b\u1ecb s\u1ecfi th\u1eadn Pate Cho Ch\u00f3\u00a0Royal Canin\u00a0Urinary S\/O l\u00e0 th\u1ee9c \u0103n dinh d\u01b0\u1ee1ng ho\u00e0n ch\u1ec9nh cho ch\u00f3, \u0111\u01b0\u1ee3c s\u1ea3n xu\u1ea5t b\u1edfi th\u01b0\u01a1ng hi\u1ec7u Royal Canin n\u1ed5i ti\u1ebfng th\u1ebf gi\u1edbi. V\u1edbi c\u00f4ng th\u1ee9c \u0111\u1eb7c bi\u1ec7t, Royal Canin Urinary gi\u00fap [&#8230;]\n","protected":false},"featured_media":567,"comment_status":"open","ping_status":"closed","template":"","meta":[],"pwb-brand":[],"product_brand":[],"product_cat":[28,18,25,24],"product_tag":[],"class_list":{"0":"post-566","1":"product","2":"type-product","3":"status-publish","4":"has-post-thumbnail","6":"product_cat-cho","7":"product_cat-thuc-an-cho-cho","8":"product_cat-thuc-an-ho-tro-dieu-tri-benh","9":"product_cat-thuc-an-uot","11":"first","12":"instock","13":"shipping-taxable","14":"purchasable","15":"product-type-variable"},"yoast_head":"<!-- This site is optimized with the Yoast SEO plugin v27.1.1 - https:\/\/yoast.com\/product\/yoast-seo-wordpress\/ -->\n<title>Pate Cho Ch\u00f3 S\u1ecfi Th\u1eadn Royal Canin Urinary 100g - thucung123<\/title>\n<meta name=\"description\" content=\"Pate Cho Ch\u00f3 S\u1ecfi Th\u1eadn\" \/>\n<meta name=\"robots\" content=\"index, follow, max-snippet:-1, max-image-preview:large, max-video-preview:-1\" \/>\n<link rel=\"canonical\" href=\"https:\/\/beoshop.azdigi.shop\/index.php\/san-pham\/pate-cho-cho-soi-than-royal-canin-urinary-100g\/\" \/>\n<meta property=\"og:locale\" content=\"vi_VN\" \/>\n<meta property=\"og:type\" content=\"article\" \/>\n<meta property=\"og:title\" content=\"Pate Cho Ch\u00f3 S\u1ecfi Th\u1eadn Royal Canin Urinary 100g - thucung123\" \/>\n<meta property=\"og:description\" content=\"Pate Cho Ch\u00f3 S\u1ecfi Th\u1eadn\" \/>\n<meta property=\"og:url\" content=\"https:\/\/beoshop.azdigi.shop\/index.php\/san-pham\/pate-cho-cho-soi-than-royal-canin-urinary-100g\/\" \/>\n<meta property=\"og:site_name\" content=\"thucung123\" \/>\n<meta property=\"article:modified_time\" content=\"2026-04-17T08:55:38+00:00\" \/>\n<meta property=\"og:image\" content=\"https:\/\/beoshop.azdigi.shop\/wp-content\/uploads\/2026\/04\/pate_cho_cho_bi_soi_than_477d9683-2705-460f-bb73-467897c19d68.webp\" \/>\n\t<meta property=\"og:image:width\" content=\"800\" \/>\n\t<meta property=\"og:image:height\" content=\"800\" \/>\n\t<meta property=\"og:image:type\" content=\"image\/webp\" \/>\n<meta name=\"twitter:card\" content=\"summary_large_image\" \/>\n<meta name=\"twitter:label1\" content=\"\u01af\u1edbc t\u00ednh th\u1eddi gian \u0111\u1ecdc\" \/>\n\t<meta name=\"twitter:data1\" content=\"2 ph\u00fat\" \/>\n<script type=\"application\/ld+json\" class=\"yoast-schema-graph\">{\"@context\":\"https:\/\/schema.org\",\"@graph\":[{\"@type\":\"WebPage\",\"@id\":\"https:\/\/beoshop.azdigi.shop\/index.php\/san-pham\/pate-cho-cho-soi-than-royal-canin-urinary-100g\/\",\"url\":\"https:\/\/beoshop.azdigi.shop\/index.php\/san-pham\/pate-cho-cho-soi-than-royal-canin-urinary-100g\/\",\"name\":\"Pate Cho Ch\u00f3 S\u1ecfi Th\u1eadn Royal Canin Urinary 100g - thucung123\",\"isPartOf\":{\"@id\":\"https:\/\/beoshop.azdigi.shop\/#website\"},\"primaryImageOfPage\":{\"@id\":\"https:\/\/beoshop.azdigi.shop\/index.php\/san-pham\/pate-cho-cho-soi-than-royal-canin-urinary-100g\/#primaryimage\"},\"image\":{\"@id\":\"https:\/\/beoshop.azdigi.shop\/index.php\/san-pham\/pate-cho-cho-soi-than-royal-canin-urinary-100g\/#primaryimage\"},\"thumbnailUrl\":\"https:\/\/beoshop.azdigi.shop\/wp-content\/uploads\/2026\/04\/pate_cho_cho_bi_soi_than_477d9683-2705-460f-bb73-467897c19d68.webp\",\"datePublished\":\"2026-04-17T08:55:37+00:00\",\"dateModified\":\"2026-04-17T08:55:38+00:00\",\"description\":\"Pate Cho Ch\u00f3 S\u1ecfi Th\u1eadn\",\"breadcrumb\":{\"@id\":\"https:\/\/beoshop.azdigi.shop\/index.php\/san-pham\/pate-cho-cho-soi-than-royal-canin-urinary-100g\/#breadcrumb\"},\"inLanguage\":\"vi\",\"potentialAction\":[{\"@type\":\"ReadAction\",\"target\":[\"https:\/\/beoshop.azdigi.shop\/index.php\/san-pham\/pate-cho-cho-soi-than-royal-canin-urinary-100g\/\"]}]},{\"@type\":\"ImageObject\",\"inLanguage\":\"vi\",\"@id\":\"https:\/\/beoshop.azdigi.shop\/index.php\/san-pham\/pate-cho-cho-soi-than-royal-canin-urinary-100g\/#primaryimage\",\"url\":\"https:\/\/beoshop.azdigi.shop\/wp-content\/uploads\/2026\/04\/pate_cho_cho_bi_soi_than_477d9683-2705-460f-bb73-467897c19d68.webp\",\"contentUrl\":\"https:\/\/beoshop.azdigi.shop\/wp-content\/uploads\/2026\/04\/pate_cho_cho_bi_soi_than_477d9683-2705-460f-bb73-467897c19d68.webp\",\"width\":800,\"height\":800},{\"@type\":\"BreadcrumbList\",\"@id\":\"https:\/\/beoshop.azdigi.shop\/index.php\/san-pham\/pate-cho-cho-soi-than-royal-canin-urinary-100g\/#breadcrumb\",\"itemListElement\":[{\"@type\":\"ListItem\",\"position\":1,\"name\":\"Trang ch\u1ee7\",\"item\":\"https:\/\/beoshop.azdigi.shop\/\"},{\"@type\":\"ListItem\",\"position\":2,\"name\":\"S\u1ea3n ph\u1ea9m\",\"item\":\"https:\/\/beoshop.azdigi.shop\/index.php\/cua-hang__trashed\/\"},{\"@type\":\"ListItem\",\"position\":3,\"name\":\"Pate Cho Ch\u00f3 S\u1ecfi Th\u1eadn Royal Canin Urinary 100g\"}]},{\"@type\":\"WebSite\",\"@id\":\"https:\/\/beoshop.azdigi.shop\/#website\",\"url\":\"https:\/\/beoshop.azdigi.shop\/\",\"name\":\"thucung123\",\"description\":\"\",\"publisher\":{\"@id\":\"https:\/\/beoshop.azdigi.shop\/#organization\"},\"potentialAction\":[{\"@type\":\"SearchAction\",\"target\":{\"@type\":\"EntryPoint\",\"urlTemplate\":\"https:\/\/beoshop.azdigi.shop\/?s={search_term_string}\"},\"query-input\":{\"@type\":\"PropertyValueSpecification\",\"valueRequired\":true,\"valueName\":\"search_term_string\"}}],\"inLanguage\":\"vi\"},{\"@type\":\"Organization\",\"@id\":\"https:\/\/beoshop.azdigi.shop\/#organization\",\"name\":\"thucung123\",\"url\":\"https:\/\/beoshop.azdigi.shop\/\",\"logo\":{\"@type\":\"ImageObject\",\"inLanguage\":\"vi\",\"@id\":\"https:\/\/beoshop.azdigi.shop\/#\/schema\/logo\/image\/\",\"url\":\"https:\/\/beoshop.azdigi.shop\/wp-content\/uploads\/2026\/03\/Black-and-White-Simple-Cat-Pet-Accessories-Logo.png\",\"contentUrl\":\"https:\/\/beoshop.azdigi.shop\/wp-content\/uploads\/2026\/03\/Black-and-White-Simple-Cat-Pet-Accessories-Logo.png\",\"width\":2000,\"height\":2000,\"caption\":\"thucung123\"},\"image\":{\"@id\":\"https:\/\/beoshop.azdigi.shop\/#\/schema\/logo\/image\/\"}}]}<\/script>\n<!-- \/ Yoast SEO plugin. -->","yoast_head_json":{"title":"Pate Cho Ch\u00f3 S\u1ecfi Th\u1eadn Royal Canin Urinary 100g - thucung123","description":"Pate Cho Ch\u00f3 S\u1ecfi Th\u1eadn","robots":{"index":"index","follow":"follow","max-snippet":"max-snippet:-1","max-image-preview":"max-image-preview:large","max-video-preview":"max-video-preview:-1"},"canonical":"https:\/\/beoshop.azdigi.shop\/index.php\/san-pham\/pate-cho-cho-soi-than-royal-canin-urinary-100g\/","og_locale":"vi_VN","og_type":"article","og_title":"Pate Cho Ch\u00f3 S\u1ecfi Th\u1eadn Royal Canin Urinary 100g - thucung123","og_description":"Pate Cho Ch\u00f3 S\u1ecfi Th\u1eadn","og_url":"https:\/\/beoshop.azdigi.shop\/index.php\/san-pham\/pate-cho-cho-soi-than-royal-canin-urinary-100g\/","og_site_name":"thucung123","article_modified_time":"2026-04-17T08:55:38+00:00","og_image":[{"width":800,"height":800,"url":"https:\/\/beoshop.azdigi.shop\/wp-content\/uploads\/2026\/04\/pate_cho_cho_bi_soi_than_477d9683-2705-460f-bb73-467897c19d68.webp","type":"image\/webp"}],"twitter_card":"summary_large_image","twitter_misc":{"\u01af\u1edbc t\u00ednh th\u1eddi gian \u0111\u1ecdc":"2 ph\u00fat"},"schema":{"@context":"https:\/\/schema.org","@graph":[{"@type":"WebPage","@id":"https:\/\/beoshop.azdigi.shop\/index.php\/san-pham\/pate-cho-cho-soi-than-royal-canin-urinary-100g\/","url":"https:\/\/beoshop.azdigi.shop\/index.php\/san-pham\/pate-cho-cho-soi-than-royal-canin-urinary-100g\/","name":"Pate Cho Ch\u00f3 S\u1ecfi Th\u1eadn Royal Canin Urinary 100g - thucung123","isPartOf":{"@id":"https:\/\/beoshop.azdigi.shop\/#website"},"primaryImageOfPage":{"@id":"https:\/\/beoshop.azdigi.shop\/index.php\/san-pham\/pate-cho-cho-soi-than-royal-canin-urinary-100g\/#primaryimage"},"image":{"@id":"https:\/\/beoshop.azdigi.shop\/index.php\/san-pham\/pate-cho-cho-soi-than-royal-canin-urinary-100g\/#primaryimage"},"thumbnailUrl":"https:\/\/beoshop.azdigi.shop\/wp-content\/uploads\/2026\/04\/pate_cho_cho_bi_soi_than_477d9683-2705-460f-bb73-467897c19d68.webp","datePublished":"2026-04-17T08:55:37+00:00","dateModified":"2026-04-17T08:55:38+00:00","description":"Pate Cho Ch\u00f3 S\u1ecfi Th\u1eadn","breadcrumb":{"@id":"https:\/\/beoshop.azdigi.shop\/index.php\/san-pham\/pate-cho-cho-soi-than-royal-canin-urinary-100g\/#breadcrumb"},"inLanguage":"vi","potentialAction":[{"@type":"ReadAction","target":["https:\/\/beoshop.azdigi.shop\/index.php\/san-pham\/pate-cho-cho-soi-than-royal-canin-urinary-100g\/"]}]},{"@type":"ImageObject","inLanguage":"vi","@id":"https:\/\/beoshop.azdigi.shop\/index.php\/san-pham\/pate-cho-cho-soi-than-royal-canin-urinary-100g\/#primaryimage","url":"https:\/\/beoshop.azdigi.shop\/wp-content\/uploads\/2026\/04\/pate_cho_cho_bi_soi_than_477d9683-2705-460f-bb73-467897c19d68.webp","contentUrl":"https:\/\/beoshop.azdigi.shop\/wp-content\/uploads\/2026\/04\/pate_cho_cho_bi_soi_than_477d9683-2705-460f-bb73-467897c19d68.webp","width":800,"height":800},{"@type":"BreadcrumbList","@id":"https:\/\/beoshop.azdigi.shop\/index.php\/san-pham\/pate-cho-cho-soi-than-royal-canin-urinary-100g\/#breadcrumb","itemListElement":[{"@type":"ListItem","position":1,"name":"Trang ch\u1ee7","item":"https:\/\/beoshop.azdigi.shop\/"},{"@type":"ListItem","position":2,"name":"S\u1ea3n ph\u1ea9m","item":"https:\/\/beoshop.azdigi.shop\/index.php\/cua-hang__trashed\/"},{"@type":"ListItem","position":3,"name":"Pate Cho Ch\u00f3 S\u1ecfi Th\u1eadn Royal Canin Urinary 100g"}]},{"@type":"WebSite","@id":"https:\/\/beoshop.azdigi.shop\/#website","url":"https:\/\/beoshop.azdigi.shop\/","name":"thucung123","description":"","publisher":{"@id":"https:\/\/beoshop.azdigi.shop\/#organization"},"potentialAction":[{"@type":"SearchAction","target":{"@type":"EntryPoint","urlTemplate":"https:\/\/beoshop.azdigi.shop\/?s={search_term_string}"},"query-input":{"@type":"PropertyValueSpecification","valueRequired":true,"valueName":"search_term_string"}}],"inLanguage":"vi"},{"@type":"Organization","@id":"https:\/\/beoshop.azdigi.shop\/#organization","name":"thucung123","url":"https:\/\/beoshop.azdigi.shop\/","logo":{"@type":"ImageObject","inLanguage":"vi","@id":"https:\/\/beoshop.azdigi.shop\/#\/schema\/logo\/image\/","url":"https:\/\/beoshop.azdigi.shop\/wp-content\/uploads\/2026\/03\/Black-and-White-Simple-Cat-Pet-Accessories-Logo.png","contentUrl":"https:\/\/beoshop.azdigi.shop\/wp-content\/uploads\/2026\/03\/Black-and-White-Simple-Cat-Pet-Accessories-Logo.png","width":2000,"height":2000,"caption":"thucung123"},"image":{"@id":"https:\/\/beoshop.azdigi.shop\/#\/schema\/logo\/image\/"}}]}},"brands":[],"_links":{"self":[{"href":"https:\/\/beoshop.azdigi.shop\/index.php\/wp-json\/wp\/v2\/product\/566","targetHints":{"allow":["GET"]}}],"collection":[{"href":"https:\/\/beoshop.azdigi.shop\/index.php\/wp-json\/wp\/v2\/product"}],"about":[{"href":"https:\/\/beoshop.azdigi.shop\/index.php\/wp-json\/wp\/v2\/types\/product"}],"replies":[{"embeddable":true,"href":"https:\/\/beoshop.azdigi.shop\/index.php\/wp-json\/wp\/v2\/comments?post=566"}],"wp:featuredmedia":[{"embeddable":true,"href":"https:\/\/beoshop.azdigi.shop\/index.php\/wp-json\/wp\/v2\/media\/567"}],"wp:attachment":[{"href":"https:\/\/beoshop.azdigi.shop\/index.php\/wp-json\/wp\/v2\/media?parent=566"}],"wp:term":[{"taxonomy":"pwb-brand","embeddable":true,"href":"https:\/\/beoshop.azdigi.shop\/index.php\/wp-json\/wp\/v2\/pwb-brand?post=566"},{"taxonomy":"product_brand","embeddable":true,"href":"https:\/\/beoshop.azdigi.shop\/index.php\/wp-json\/wp\/v2\/product_brand?post=566"},{"taxonomy":"product_cat","embeddable":true,"href":"https:\/\/beoshop.azdigi.shop\/index.php\/wp-json\/wp\/v2\/product_cat?post=566"},{"taxonomy":"product_tag","embeddable":true,"href":"https:\/\/beoshop.azdigi.shop\/index.php\/wp-json\/wp\/v2\/product_tag?post=566"}],"curies":[{"name":"wp","href":"https:\/\/api.w.org\/{rel}","templated":true}]}}