{"id":583,"date":"2026-04-17T09:23:08","date_gmt":"2026-04-17T09:23:08","guid":{"rendered":"https:\/\/beoshop.azdigi.shop\/?post_type=product&#038;p=583"},"modified":"2026-04-17T09:23:10","modified_gmt":"2026-04-17T09:23:10","slug":"pate-cho-meo-triet-san-truong-thanh-royal-canin-sterilised-adult-85g","status":"publish","type":"product","link":"https:\/\/beoshop.azdigi.shop\/index.php\/san-pham\/pate-cho-meo-triet-san-truong-thanh-royal-canin-sterilised-adult-85g\/","title":{"rendered":"Pate Cho M\u00e8o Tri\u1ec7t S\u1ea3n Tr\u01b0\u1edfng Th\u00e0nh Royal Canin Sterilised Adult 85g"},"content":{"rendered":"<h1 style=\"text-align: center;\"><strong>Pate Cho M\u00e8o Tri\u1ec7t S\u1ea3n Tr\u01b0\u1edfng Th\u00e0nh Royal Canin Sterilised Adult 85g<\/strong><\/h1>\n<ul>\n<li>Th\u01b0\u01a1ng hi\u1ec7u:\u00a0<strong><a title=\"Royal Canin Veterinary Diets, S\u1ea3n Ph\u1ea9m H\u1ed7 Tr\u1ee3 v\u00e0 \u0110i\u1ec1u Tr\u1ecb\" href=\"https:\/\/beoshop.azdigi.shop\/index.php\/royal-canin\/ary-dietsiets\" target=\"_blank\" rel=\"noopener\">Royal Canin<\/a><\/strong><\/li>\n<li>Ph\u00f9 h\u1ee3p cho: M\u00e8o (tr\u00ean 12 th\u00e1ng tu\u1ed5i)<\/li>\n<li><strong><a title=\"Pate M\u00e8o\" href=\"https:\/\/beoshop.azdigi.shop\/index.php\/danh-muc-san-pham\/meo\/thuc-an-cho-meo\/\" target=\"_blank\" rel=\"noopener\">Pate m\u00e8o<\/a><\/strong>\u00a0Royal Canin Sterilised l\u00e0 th\u1ee9c \u0103n dinh d\u01b0\u1ee1ng ho\u00e0n ch\u1ec9nh d\u00e0nh cho m\u00e8o tr\u01b0\u1edfng th\u00e0nh \u0111\u00e3 tri\u1ec7t s\u1ea3n. Pate \u0111\u01b0\u1ee3c s\u1ea3n xu\u1ea5t b\u1edfi th\u01b0\u01a1ng hi\u1ec7u Royal Canin n\u1ed5i ti\u1ebfng th\u1ebf gi\u1edbi, v\u1edbi c\u00f4ng th\u1ee9c \u0111\u1eb7c bi\u1ec7t gi\u00fap ki\u1ec3m so\u00e1t c\u00e2n n\u1eb7ng, h\u1ed7 tr\u1ee3 s\u1ee9c kh\u1ecfe \u0111\u01b0\u1eddng ti\u1ebft ni\u1ec7u v\u00e0 duy tr\u00ec h\u01b0\u01a1ng v\u1ecb th\u01a1m ngon.<\/li>\n<\/ul>\n<h2><b>L\u1ee3i \u00edch:<\/b><\/h2>\n<ul>\n<li data-sourcepos=\"9:1-9:20\">Ki\u1ec3m so\u00e1t c\u00e2n n\u1eb7ng<\/li>\n<li data-sourcepos=\"10:1-10:33\">H\u1ed7 tr\u1ee3 s\u1ee9c kh\u1ecfe \u0111\u01b0\u1eddng ti\u1ebft ni\u1ec7u<\/li>\n<li data-sourcepos=\"11:1-12:0\">Duy tr\u00ec h\u01b0\u01a1ng v\u1ecb th\u01a1m ngon<\/li>\n<\/ul>\n<h2><b>Th\u00e0nh ph\u1ea7n<\/b><\/h2>\n<ul>\n<li data-sourcepos=\"5:1-6:0\">Th\u1ecbt v\u00e0 d\u1eabn xu\u1ea5t t\u1eeb th\u1ecbt, ng\u0169 c\u1ed1c, d\u1eabn xu\u1ea5t t\u1eeb th\u1ef1c v\u1eadt, kho\u00e1ng ch\u1ea5t, c\u00e1c lo\u1ea1i \u0111\u01b0\u1eddng.<\/li>\n<\/ul>\n<h3><b>H\u01b0\u1edbng d\u1eabn s\u1eed d\u1ee5ng<\/b><\/h3>\n<ul>\n<li data-sourcepos=\"25:1-25:41\">L\u01b0\u1ee3ng th\u1ee9c \u0103n c\u1ea7n thi\u1ebft cho m\u00e8o s\u1ebd thay \u0111\u1ed5i t\u00f9y theo gi\u1ed1ng m\u00e8o, c\u00e2n n\u1eb7ng, m\u1ee9c \u0111\u1ed9 ho\u1ea1t \u0111\u1ed9ng v\u00e0 t\u00ecnh tr\u1ea1ng s\u1ee9c kh\u1ecfe.<\/li>\n<li data-sourcepos=\"25:1-25:41\">N\u00ean tham kh\u1ea3o \u00fd ki\u1ebfn b\u00e1c s\u0129 th\u00fa y \u0111\u1ec3 \u0111\u01b0\u1ee3c t\u01b0 v\u1ea5n ch\u00ednh x\u00e1c nh\u1ea5t.<\/li>\n<li data-sourcepos=\"25:1-25:41\">Kh\u00f4ng s\u1eed d\u1ee5ng cho m\u00e8o con d\u01b0\u1edbi 12 th\u00e1ng tu\u1ed5i.<\/li>\n<li data-sourcepos=\"25:1-25:41\">Kh\u00f4ng s\u1eed d\u1ee5ng cho m\u00e8o \u0111ang mang thai ho\u1eb7c cho con b\u00fa.<\/li>\n<\/ul>\n","protected":false},"excerpt":{"rendered":"<p>Pate Cho M\u00e8o Tri\u1ec7t S\u1ea3n Tr\u01b0\u1edfng Th\u00e0nh Royal Canin Sterilised Adult 85g Th\u01b0\u01a1ng hi\u1ec7u:\u00a0Royal Canin Ph\u00f9 h\u1ee3p cho: M\u00e8o (tr\u00ean 12 th\u00e1ng tu\u1ed5i) Pate m\u00e8o\u00a0Royal Canin Sterilised l\u00e0 th\u1ee9c \u0103n dinh d\u01b0\u1ee1ng ho\u00e0n ch\u1ec9nh d\u00e0nh cho m\u00e8o tr\u01b0\u1edfng th\u00e0nh \u0111\u00e3 tri\u1ec7t s\u1ea3n. Pate \u0111\u01b0\u1ee3c s\u1ea3n xu\u1ea5t b\u1edfi th\u01b0\u01a1ng hi\u1ec7u Royal Canin n\u1ed5i ti\u1ebfng th\u1ebf gi\u1edbi, [&#8230;]\n","protected":false},"featured_media":585,"comment_status":"open","ping_status":"closed","template":"","meta":[],"pwb-brand":[],"product_brand":[],"product_cat":[39,41,53,54],"product_tag":[],"class_list":{"0":"post-583","1":"product","2":"type-product","3":"status-publish","4":"has-post-thumbnail","6":"product_cat-meo","7":"product_cat-thuc-an-cho-meo","8":"product_cat-thuc-an-dieu-tri-benh","9":"product_cat-thuc-an-uot-meo","11":"first","12":"instock","13":"sale","14":"shipping-taxable","15":"purchasable","16":"product-type-variable"},"yoast_head":"<!-- This site is optimized with the Yoast SEO plugin v27.1.1 - https:\/\/yoast.com\/product\/yoast-seo-wordpress\/ -->\n<title>Pate Cho M\u00e8o Tri\u1ec7t S\u1ea3n Tr\u01b0\u1edfng Th\u00e0nh Royal Canin Sterilised Adult 85g - thucung123<\/title>\n<meta name=\"description\" content=\"Pate Cho M\u00e8o Tri\u1ec7t S\u1ea3n Tr\u01b0\u1edfng Th\u00e0nh Royal Canin Sterilised Adult 85g\" \/>\n<meta name=\"robots\" content=\"index, follow, max-snippet:-1, max-image-preview:large, max-video-preview:-1\" \/>\n<link rel=\"canonical\" href=\"https:\/\/beoshop.azdigi.shop\/index.php\/san-pham\/pate-cho-meo-triet-san-truong-thanh-royal-canin-sterilised-adult-85g\/\" \/>\n<meta property=\"og:locale\" content=\"vi_VN\" \/>\n<meta property=\"og:type\" content=\"article\" \/>\n<meta property=\"og:title\" content=\"Pate Cho M\u00e8o Tri\u1ec7t S\u1ea3n Tr\u01b0\u1edfng Th\u00e0nh Royal Canin Sterilised Adult 85g - thucung123\" \/>\n<meta property=\"og:description\" content=\"Pate Cho M\u00e8o Tri\u1ec7t S\u1ea3n Tr\u01b0\u1edfng Th\u00e0nh Royal Canin Sterilised Adult 85g\" \/>\n<meta property=\"og:url\" content=\"https:\/\/beoshop.azdigi.shop\/index.php\/san-pham\/pate-cho-meo-triet-san-truong-thanh-royal-canin-sterilised-adult-85g\/\" \/>\n<meta property=\"og:site_name\" content=\"thucung123\" \/>\n<meta property=\"article:modified_time\" content=\"2026-04-17T09:23:10+00:00\" \/>\n<meta property=\"og:image\" content=\"https:\/\/beoshop.azdigi.shop\/wp-content\/uploads\/2026\/04\/pate-meo-triet-san-royal-canin-sterilised-85g_4.webp\" \/>\n\t<meta property=\"og:image:width\" content=\"800\" \/>\n\t<meta property=\"og:image:height\" content=\"800\" \/>\n\t<meta property=\"og:image:type\" content=\"image\/webp\" \/>\n<meta name=\"twitter:card\" content=\"summary_large_image\" \/>\n<meta name=\"twitter:label1\" content=\"\u01af\u1edbc t\u00ednh th\u1eddi gian \u0111\u1ecdc\" \/>\n\t<meta name=\"twitter:data1\" content=\"2 ph\u00fat\" \/>\n<script type=\"application\/ld+json\" class=\"yoast-schema-graph\">{\"@context\":\"https:\/\/schema.org\",\"@graph\":[{\"@type\":\"WebPage\",\"@id\":\"https:\/\/beoshop.azdigi.shop\/index.php\/san-pham\/pate-cho-meo-triet-san-truong-thanh-royal-canin-sterilised-adult-85g\/\",\"url\":\"https:\/\/beoshop.azdigi.shop\/index.php\/san-pham\/pate-cho-meo-triet-san-truong-thanh-royal-canin-sterilised-adult-85g\/\",\"name\":\"Pate Cho M\u00e8o Tri\u1ec7t S\u1ea3n Tr\u01b0\u1edfng Th\u00e0nh Royal Canin Sterilised Adult 85g - thucung123\",\"isPartOf\":{\"@id\":\"https:\/\/beoshop.azdigi.shop\/#website\"},\"primaryImageOfPage\":{\"@id\":\"https:\/\/beoshop.azdigi.shop\/index.php\/san-pham\/pate-cho-meo-triet-san-truong-thanh-royal-canin-sterilised-adult-85g\/#primaryimage\"},\"image\":{\"@id\":\"https:\/\/beoshop.azdigi.shop\/index.php\/san-pham\/pate-cho-meo-triet-san-truong-thanh-royal-canin-sterilised-adult-85g\/#primaryimage\"},\"thumbnailUrl\":\"https:\/\/beoshop.azdigi.shop\/wp-content\/uploads\/2026\/04\/pate-meo-triet-san-royal-canin-sterilised-85g_4.webp\",\"datePublished\":\"2026-04-17T09:23:08+00:00\",\"dateModified\":\"2026-04-17T09:23:10+00:00\",\"description\":\"Pate Cho M\u00e8o Tri\u1ec7t S\u1ea3n Tr\u01b0\u1edfng Th\u00e0nh Royal Canin Sterilised Adult 85g\",\"breadcrumb\":{\"@id\":\"https:\/\/beoshop.azdigi.shop\/index.php\/san-pham\/pate-cho-meo-triet-san-truong-thanh-royal-canin-sterilised-adult-85g\/#breadcrumb\"},\"inLanguage\":\"vi\",\"potentialAction\":[{\"@type\":\"ReadAction\",\"target\":[\"https:\/\/beoshop.azdigi.shop\/index.php\/san-pham\/pate-cho-meo-triet-san-truong-thanh-royal-canin-sterilised-adult-85g\/\"]}]},{\"@type\":\"ImageObject\",\"inLanguage\":\"vi\",\"@id\":\"https:\/\/beoshop.azdigi.shop\/index.php\/san-pham\/pate-cho-meo-triet-san-truong-thanh-royal-canin-sterilised-adult-85g\/#primaryimage\",\"url\":\"https:\/\/beoshop.azdigi.shop\/wp-content\/uploads\/2026\/04\/pate-meo-triet-san-royal-canin-sterilised-85g_4.webp\",\"contentUrl\":\"https:\/\/beoshop.azdigi.shop\/wp-content\/uploads\/2026\/04\/pate-meo-triet-san-royal-canin-sterilised-85g_4.webp\",\"width\":800,\"height\":800},{\"@type\":\"BreadcrumbList\",\"@id\":\"https:\/\/beoshop.azdigi.shop\/index.php\/san-pham\/pate-cho-meo-triet-san-truong-thanh-royal-canin-sterilised-adult-85g\/#breadcrumb\",\"itemListElement\":[{\"@type\":\"ListItem\",\"position\":1,\"name\":\"Trang ch\u1ee7\",\"item\":\"https:\/\/beoshop.azdigi.shop\/\"},{\"@type\":\"ListItem\",\"position\":2,\"name\":\"S\u1ea3n ph\u1ea9m\",\"item\":\"https:\/\/beoshop.azdigi.shop\/index.php\/cua-hang__trashed\/\"},{\"@type\":\"ListItem\",\"position\":3,\"name\":\"Pate Cho M\u00e8o Tri\u1ec7t S\u1ea3n Tr\u01b0\u1edfng Th\u00e0nh Royal Canin Sterilised Adult 85g\"}]},{\"@type\":\"WebSite\",\"@id\":\"https:\/\/beoshop.azdigi.shop\/#website\",\"url\":\"https:\/\/beoshop.azdigi.shop\/\",\"name\":\"thucung123\",\"description\":\"\",\"publisher\":{\"@id\":\"https:\/\/beoshop.azdigi.shop\/#organization\"},\"potentialAction\":[{\"@type\":\"SearchAction\",\"target\":{\"@type\":\"EntryPoint\",\"urlTemplate\":\"https:\/\/beoshop.azdigi.shop\/?s={search_term_string}\"},\"query-input\":{\"@type\":\"PropertyValueSpecification\",\"valueRequired\":true,\"valueName\":\"search_term_string\"}}],\"inLanguage\":\"vi\"},{\"@type\":\"Organization\",\"@id\":\"https:\/\/beoshop.azdigi.shop\/#organization\",\"name\":\"thucung123\",\"url\":\"https:\/\/beoshop.azdigi.shop\/\",\"logo\":{\"@type\":\"ImageObject\",\"inLanguage\":\"vi\",\"@id\":\"https:\/\/beoshop.azdigi.shop\/#\/schema\/logo\/image\/\",\"url\":\"https:\/\/beoshop.azdigi.shop\/wp-content\/uploads\/2026\/03\/Black-and-White-Simple-Cat-Pet-Accessories-Logo.png\",\"contentUrl\":\"https:\/\/beoshop.azdigi.shop\/wp-content\/uploads\/2026\/03\/Black-and-White-Simple-Cat-Pet-Accessories-Logo.png\",\"width\":2000,\"height\":2000,\"caption\":\"thucung123\"},\"image\":{\"@id\":\"https:\/\/beoshop.azdigi.shop\/#\/schema\/logo\/image\/\"}}]}<\/script>\n<!-- \/ Yoast SEO plugin. -->","yoast_head_json":{"title":"Pate Cho M\u00e8o Tri\u1ec7t S\u1ea3n Tr\u01b0\u1edfng Th\u00e0nh Royal Canin Sterilised Adult 85g - thucung123","description":"Pate Cho M\u00e8o Tri\u1ec7t S\u1ea3n Tr\u01b0\u1edfng Th\u00e0nh Royal Canin Sterilised Adult 85g","robots":{"index":"index","follow":"follow","max-snippet":"max-snippet:-1","max-image-preview":"max-image-preview:large","max-video-preview":"max-video-preview:-1"},"canonical":"https:\/\/beoshop.azdigi.shop\/index.php\/san-pham\/pate-cho-meo-triet-san-truong-thanh-royal-canin-sterilised-adult-85g\/","og_locale":"vi_VN","og_type":"article","og_title":"Pate Cho M\u00e8o Tri\u1ec7t S\u1ea3n Tr\u01b0\u1edfng Th\u00e0nh Royal Canin Sterilised Adult 85g - thucung123","og_description":"Pate Cho M\u00e8o Tri\u1ec7t S\u1ea3n Tr\u01b0\u1edfng Th\u00e0nh Royal Canin Sterilised Adult 85g","og_url":"https:\/\/beoshop.azdigi.shop\/index.php\/san-pham\/pate-cho-meo-triet-san-truong-thanh-royal-canin-sterilised-adult-85g\/","og_site_name":"thucung123","article_modified_time":"2026-04-17T09:23:10+00:00","og_image":[{"width":800,"height":800,"url":"https:\/\/beoshop.azdigi.shop\/wp-content\/uploads\/2026\/04\/pate-meo-triet-san-royal-canin-sterilised-85g_4.webp","type":"image\/webp"}],"twitter_card":"summary_large_image","twitter_misc":{"\u01af\u1edbc t\u00ednh th\u1eddi gian \u0111\u1ecdc":"2 ph\u00fat"},"schema":{"@context":"https:\/\/schema.org","@graph":[{"@type":"WebPage","@id":"https:\/\/beoshop.azdigi.shop\/index.php\/san-pham\/pate-cho-meo-triet-san-truong-thanh-royal-canin-sterilised-adult-85g\/","url":"https:\/\/beoshop.azdigi.shop\/index.php\/san-pham\/pate-cho-meo-triet-san-truong-thanh-royal-canin-sterilised-adult-85g\/","name":"Pate Cho M\u00e8o Tri\u1ec7t S\u1ea3n Tr\u01b0\u1edfng Th\u00e0nh Royal Canin Sterilised Adult 85g - thucung123","isPartOf":{"@id":"https:\/\/beoshop.azdigi.shop\/#website"},"primaryImageOfPage":{"@id":"https:\/\/beoshop.azdigi.shop\/index.php\/san-pham\/pate-cho-meo-triet-san-truong-thanh-royal-canin-sterilised-adult-85g\/#primaryimage"},"image":{"@id":"https:\/\/beoshop.azdigi.shop\/index.php\/san-pham\/pate-cho-meo-triet-san-truong-thanh-royal-canin-sterilised-adult-85g\/#primaryimage"},"thumbnailUrl":"https:\/\/beoshop.azdigi.shop\/wp-content\/uploads\/2026\/04\/pate-meo-triet-san-royal-canin-sterilised-85g_4.webp","datePublished":"2026-04-17T09:23:08+00:00","dateModified":"2026-04-17T09:23:10+00:00","description":"Pate Cho M\u00e8o Tri\u1ec7t S\u1ea3n Tr\u01b0\u1edfng Th\u00e0nh Royal Canin Sterilised Adult 85g","breadcrumb":{"@id":"https:\/\/beoshop.azdigi.shop\/index.php\/san-pham\/pate-cho-meo-triet-san-truong-thanh-royal-canin-sterilised-adult-85g\/#breadcrumb"},"inLanguage":"vi","potentialAction":[{"@type":"ReadAction","target":["https:\/\/beoshop.azdigi.shop\/index.php\/san-pham\/pate-cho-meo-triet-san-truong-thanh-royal-canin-sterilised-adult-85g\/"]}]},{"@type":"ImageObject","inLanguage":"vi","@id":"https:\/\/beoshop.azdigi.shop\/index.php\/san-pham\/pate-cho-meo-triet-san-truong-thanh-royal-canin-sterilised-adult-85g\/#primaryimage","url":"https:\/\/beoshop.azdigi.shop\/wp-content\/uploads\/2026\/04\/pate-meo-triet-san-royal-canin-sterilised-85g_4.webp","contentUrl":"https:\/\/beoshop.azdigi.shop\/wp-content\/uploads\/2026\/04\/pate-meo-triet-san-royal-canin-sterilised-85g_4.webp","width":800,"height":800},{"@type":"BreadcrumbList","@id":"https:\/\/beoshop.azdigi.shop\/index.php\/san-pham\/pate-cho-meo-triet-san-truong-thanh-royal-canin-sterilised-adult-85g\/#breadcrumb","itemListElement":[{"@type":"ListItem","position":1,"name":"Trang ch\u1ee7","item":"https:\/\/beoshop.azdigi.shop\/"},{"@type":"ListItem","position":2,"name":"S\u1ea3n ph\u1ea9m","item":"https:\/\/beoshop.azdigi.shop\/index.php\/cua-hang__trashed\/"},{"@type":"ListItem","position":3,"name":"Pate Cho M\u00e8o Tri\u1ec7t S\u1ea3n Tr\u01b0\u1edfng Th\u00e0nh Royal Canin Sterilised Adult 85g"}]},{"@type":"WebSite","@id":"https:\/\/beoshop.azdigi.shop\/#website","url":"https:\/\/beoshop.azdigi.shop\/","name":"thucung123","description":"","publisher":{"@id":"https:\/\/beoshop.azdigi.shop\/#organization"},"potentialAction":[{"@type":"SearchAction","target":{"@type":"EntryPoint","urlTemplate":"https:\/\/beoshop.azdigi.shop\/?s={search_term_string}"},"query-input":{"@type":"PropertyValueSpecification","valueRequired":true,"valueName":"search_term_string"}}],"inLanguage":"vi"},{"@type":"Organization","@id":"https:\/\/beoshop.azdigi.shop\/#organization","name":"thucung123","url":"https:\/\/beoshop.azdigi.shop\/","logo":{"@type":"ImageObject","inLanguage":"vi","@id":"https:\/\/beoshop.azdigi.shop\/#\/schema\/logo\/image\/","url":"https:\/\/beoshop.azdigi.shop\/wp-content\/uploads\/2026\/03\/Black-and-White-Simple-Cat-Pet-Accessories-Logo.png","contentUrl":"https:\/\/beoshop.azdigi.shop\/wp-content\/uploads\/2026\/03\/Black-and-White-Simple-Cat-Pet-Accessories-Logo.png","width":2000,"height":2000,"caption":"thucung123"},"image":{"@id":"https:\/\/beoshop.azdigi.shop\/#\/schema\/logo\/image\/"}}]}},"brands":[],"_links":{"self":[{"href":"https:\/\/beoshop.azdigi.shop\/index.php\/wp-json\/wp\/v2\/product\/583","targetHints":{"allow":["GET"]}}],"collection":[{"href":"https:\/\/beoshop.azdigi.shop\/index.php\/wp-json\/wp\/v2\/product"}],"about":[{"href":"https:\/\/beoshop.azdigi.shop\/index.php\/wp-json\/wp\/v2\/types\/product"}],"replies":[{"embeddable":true,"href":"https:\/\/beoshop.azdigi.shop\/index.php\/wp-json\/wp\/v2\/comments?post=583"}],"wp:featuredmedia":[{"embeddable":true,"href":"https:\/\/beoshop.azdigi.shop\/index.php\/wp-json\/wp\/v2\/media\/585"}],"wp:attachment":[{"href":"https:\/\/beoshop.azdigi.shop\/index.php\/wp-json\/wp\/v2\/media?parent=583"}],"wp:term":[{"taxonomy":"pwb-brand","embeddable":true,"href":"https:\/\/beoshop.azdigi.shop\/index.php\/wp-json\/wp\/v2\/pwb-brand?post=583"},{"taxonomy":"product_brand","embeddable":true,"href":"https:\/\/beoshop.azdigi.shop\/index.php\/wp-json\/wp\/v2\/product_brand?post=583"},{"taxonomy":"product_cat","embeddable":true,"href":"https:\/\/beoshop.azdigi.shop\/index.php\/wp-json\/wp\/v2\/product_cat?post=583"},{"taxonomy":"product_tag","embeddable":true,"href":"https:\/\/beoshop.azdigi.shop\/index.php\/wp-json\/wp\/v2\/product_tag?post=583"}],"curies":[{"name":"wp","href":"https:\/\/api.w.org\/{rel}","templated":true}]}}