{"id":675,"date":"2026-04-18T18:23:24","date_gmt":"2026-04-18T18:23:24","guid":{"rendered":"https:\/\/beoshop.azdigi.shop\/?post_type=product&#038;p=675"},"modified":"2026-04-19T11:58:48","modified_gmt":"2026-04-19T11:58:48","slug":"dau-ca-hoi-zesty-paws-ho-tro-duong-long-tang-cuong-de-khang-cho-meo-my","status":"publish","type":"product","link":"https:\/\/beoshop.azdigi.shop\/index.php\/san-pham\/dau-ca-hoi-zesty-paws-ho-tro-duong-long-tang-cuong-de-khang-cho-meo-my\/","title":{"rendered":"D\u1ea7u C\u00e1 H\u1ed3i Zesty Paws H\u1ed7 Tr\u1ee3 D\u01b0\u1ee1ng L\u00f4ng &#038; T\u0103ng C\u01b0\u1eddng \u0110\u1ec1 Kh\u00e1ng Ch\u00f3 M\u00e8o (M\u1ef9)"},"content":{"rendered":"<div class=\"productView-moreItem\">\n<h1 style=\"text-align: center;\"><strong>D\u1ea7u C\u00e1 H\u1ed3i Zesty Paws H\u1ed7 Tr\u1ee3 D\u01b0\u1ee1ng L\u00f4ng &amp; T\u0103ng C\u01b0\u1eddng \u0110\u1ec1 Kh\u00e1ng Ch\u00f3 M\u00e8o\u00a0<\/strong><\/h1>\n<p>D\u1ea7u c\u00e1 h\u1ed3i Zesty Paw l\u00e0 m\u1ed9t th\u1ef1c ph\u1ea9m b\u1ed5 sung:<\/p>\n<p>&#8211; H\u1ed7 tr\u1ee3 gi\u1ea3m \u0111\u00e1ng k\u1ec3 l\u01b0\u1ee3ng cholesterol trong m\u00e1u cho ch\u00f3 m\u00e8o.<br \/>\n&#8211; Axit B\u00e9o Omega-3 v\u1edbi EPA &amp; DHA s\u1ebd gi\u00fap b\u1ed9 l\u00f4ng c\u1ee7a th\u00fa c\u01b0ng c\u1ee7a b\u1ea1n lu\u00f4n d\u00e0y v\u00e0 b\u00f3ng.<br \/>\n&#8211; D\u1ea7u c\u00e1 h\u1ed3i \u0111\u01b0\u1ee3c khuy\u00ean d\u00f9ng cho c\u00e1c v\u1ea5n \u0111\u1ec1 s\u1ee9c kh\u1ecfe nh\u01b0: l\u00f4ng gi\u00f2n v\u00e0 x\u1ec9n m\u00e0u, r\u1ee5ng l\u00f4ng nhi\u1ec1u, g\u00e0u, da kh\u00f4, t\u00f3c m\u1ecfng, vi\u00eam da, ng\u1ee9a da, d\u1ecb \u1ee9ng, ch\u00e0m, c\u00e1c v\u1ea5n \u0111\u1ec1 v\u1ec1 s\u1eafc t\u1ed1, r\u1ed1i lo\u1ea1n h\u1ec7 th\u1ed1ng mi\u1ec5n d\u1ecbch, c\u00e1c v\u1ea5n \u0111\u1ec1 v\u1ec1 kh\u1ea3 n\u0103ng sinh s\u1ea3n.<br \/>\n&#8211; S\u1ea3n ph\u1ea9m kh\u00f4ng c\u00f3 h\u01b0\u01a1ng v\u1ecb nh\u00e2n t\u1ea1o ho\u1eb7c ch\u1ea5t b\u1ea3o qu\u1ea3n, kh\u00f4ng c\u00f3 m\u00e0u t\u1ed5ng h\u1ee3p<br \/>\n&#8211; Kh\u00f4ng c\u00f3 d\u1eabn xu\u1ea5t ng\u0169 c\u1ed1c, ng\u00f4 ho\u1eb7c \u0111\u1eadu n\u00e0nh<\/p>\n<p>Ch\u1ec9 \u0111\u1ecbnh:<br \/>\n&#8211; Th\u00fa c\u01b0ng c\u00f3 v\u1ea5n \u0111\u1ec1 v\u1ec1 x\u01b0\u01a1ng kh\u1edbp.<br \/>\n&#8211; D\u1ecb \u1ee9ng ngo\u00e0i da &#8211; ch\u00e0m, n\u1ea5m, v\u1ea3y c\u00e1, r\u1ee5ng l\u00f4ng nhi\u1ec1u, th\u1eddi k\u1ef3 thay l\u00f4ng, v.v.<br \/>\n&#8211; Th\u1eddi k\u1ef3 t\u0103ng tr\u01b0\u1edfng.<br \/>\n&#8211; T\u1ed1t cho tim m\u1ea1ch, gi\u1ea3m l\u01b0\u1ee3ng cholesterol x\u1ea5u trong m\u00e1u &amp; t\u0103ng m\u1ee9c \u0111\u1ed9 cholesterol t\u1ed1t.<br \/>\n&#8211; N\u00e2ng cao h\u1ec7 mi\u1ec5n d\u1ecbch<br \/>\n&#8211; T\u0103ng c\u01b0\u1eddng m\u00f9i v\u1ecb c\u1ee7a th\u1ee9c \u0103n &#8211; \u0111\u01b0\u1ee3c khuy\u1ebfn kh\u00edch cho ch\u00f3 m\u00e8o k\u00e9n \u0103n.<\/p>\n<p>Li\u1ec1u l\u01b0\u1ee3ng khuy\u1ebfn c\u00e1o m\u1ed7i ng\u00e0y:<br \/>\n&#8211; Tr\u1ecdng l\u01b0\u1ee3ng d\u01b0\u1edbi 10 kg: &lt; 2 &#8211; 4 ml<br \/>\n&#8211; Tr\u1ecdng l\u01b0\u1ee3ng 11 &#8211; 20 kg: &lt; 4 &#8211; 8 ml<br \/>\n&#8211; Tr\u1ecdng l\u01b0\u1ee3ng 21 &#8211; 30 kg: &lt; 8 &#8211; 12 ml<br \/>\n&#8211; Tr\u1ecdng l\u01b0\u1ee3ng h\u01a1n 30 kg: &lt; 12 &#8211; 16 ml<\/p>\n<p>&nbsp;<\/p>\n<\/div>\n<div class=\"productView-moreItem\"><\/div>\n","protected":false},"excerpt":{"rendered":"<p>D\u1ea7u C\u00e1 H\u1ed3i Zesty Paws H\u1ed7 Tr\u1ee3 D\u01b0\u1ee1ng L\u00f4ng &amp; T\u0103ng C\u01b0\u1eddng \u0110\u1ec1 Kh\u00e1ng Ch\u00f3 M\u00e8o (M\u1ef9)<\/p>\n","protected":false},"featured_media":676,"comment_status":"open","ping_status":"closed","template":"","meta":[],"pwb-brand":[],"product_brand":[],"product_cat":[57,19,28,39,59,31],"product_tag":[],"class_list":{"0":"post-675","1":"product","2":"type-product","3":"status-publish","4":"has-post-thumbnail","6":"product_cat-cham-soc-suc-khoe-meo","7":"product_cat-cham-soc-suc-khoe","8":"product_cat-cho","9":"product_cat-meo","10":"product_cat-thuc-pham-chuc-nang-meo","11":"product_cat-thuc-pham-chuc-nang","13":"first","14":"instock","15":"sale","16":"shipping-taxable","17":"purchasable","18":"product-type-variable"},"yoast_head":"<!-- This site is optimized with the Yoast SEO plugin v27.1.1 - https:\/\/yoast.com\/product\/yoast-seo-wordpress\/ -->\n<title>D\u1ea7u C\u00e1 H\u1ed3i Zesty Paws H\u1ed7 Tr\u1ee3 D\u01b0\u1ee1ng L\u00f4ng &amp; T\u0103ng C\u01b0\u1eddng \u0110\u1ec1 Kh\u00e1ng Ch\u00f3 M\u00e8o (M\u1ef9) - thucung123<\/title>\n<meta name=\"description\" content=\"D\u1ea7u C\u00e1 H\u1ed3i Zesty Paws H\u1ed7 Tr\u1ee3 D\u01b0\u1ee1ng L\u00f4ng &amp; T\u0103ng C\u01b0\u1eddng \u0110\u1ec1 Kh\u00e1ng Ch\u00f3 M\u00e8o (M\u1ef9)\" \/>\n<meta name=\"robots\" content=\"index, follow, max-snippet:-1, max-image-preview:large, max-video-preview:-1\" \/>\n<link rel=\"canonical\" href=\"https:\/\/beoshop.azdigi.shop\/index.php\/san-pham\/dau-ca-hoi-zesty-paws-ho-tro-duong-long-tang-cuong-de-khang-cho-meo-my\/\" \/>\n<meta property=\"og:locale\" content=\"vi_VN\" \/>\n<meta property=\"og:type\" content=\"article\" \/>\n<meta property=\"og:title\" content=\"D\u1ea7u C\u00e1 H\u1ed3i Zesty Paws H\u1ed7 Tr\u1ee3 D\u01b0\u1ee1ng L\u00f4ng &amp; T\u0103ng C\u01b0\u1eddng \u0110\u1ec1 Kh\u00e1ng Ch\u00f3 M\u00e8o (M\u1ef9) - thucung123\" \/>\n<meta property=\"og:description\" content=\"D\u1ea7u C\u00e1 H\u1ed3i Zesty Paws H\u1ed7 Tr\u1ee3 D\u01b0\u1ee1ng L\u00f4ng &amp; T\u0103ng C\u01b0\u1eddng \u0110\u1ec1 Kh\u00e1ng Ch\u00f3 M\u00e8o (M\u1ef9)\" \/>\n<meta property=\"og:url\" content=\"https:\/\/beoshop.azdigi.shop\/index.php\/san-pham\/dau-ca-hoi-zesty-paws-ho-tro-duong-long-tang-cuong-de-khang-cho-meo-my\/\" \/>\n<meta property=\"og:site_name\" content=\"thucung123\" \/>\n<meta property=\"article:modified_time\" content=\"2026-04-19T11:58:48+00:00\" \/>\n<meta property=\"og:image\" content=\"https:\/\/beoshop.azdigi.shop\/wp-content\/uploads\/2026\/04\/dau-ca-cho-meo-zesty-paw.webp\" \/>\n\t<meta property=\"og:image:width\" content=\"1000\" \/>\n\t<meta property=\"og:image:height\" content=\"1000\" \/>\n\t<meta property=\"og:image:type\" content=\"image\/webp\" \/>\n<meta name=\"twitter:card\" content=\"summary_large_image\" \/>\n<meta name=\"twitter:label1\" content=\"\u01af\u1edbc t\u00ednh th\u1eddi gian \u0111\u1ecdc\" \/>\n\t<meta name=\"twitter:data1\" content=\"2 ph\u00fat\" \/>\n<script type=\"application\/ld+json\" class=\"yoast-schema-graph\">{\"@context\":\"https:\/\/schema.org\",\"@graph\":[{\"@type\":\"WebPage\",\"@id\":\"https:\/\/beoshop.azdigi.shop\/index.php\/san-pham\/dau-ca-hoi-zesty-paws-ho-tro-duong-long-tang-cuong-de-khang-cho-meo-my\/\",\"url\":\"https:\/\/beoshop.azdigi.shop\/index.php\/san-pham\/dau-ca-hoi-zesty-paws-ho-tro-duong-long-tang-cuong-de-khang-cho-meo-my\/\",\"name\":\"D\u1ea7u C\u00e1 H\u1ed3i Zesty Paws H\u1ed7 Tr\u1ee3 D\u01b0\u1ee1ng L\u00f4ng & T\u0103ng C\u01b0\u1eddng \u0110\u1ec1 Kh\u00e1ng Ch\u00f3 M\u00e8o (M\u1ef9) - thucung123\",\"isPartOf\":{\"@id\":\"https:\/\/beoshop.azdigi.shop\/#website\"},\"primaryImageOfPage\":{\"@id\":\"https:\/\/beoshop.azdigi.shop\/index.php\/san-pham\/dau-ca-hoi-zesty-paws-ho-tro-duong-long-tang-cuong-de-khang-cho-meo-my\/#primaryimage\"},\"image\":{\"@id\":\"https:\/\/beoshop.azdigi.shop\/index.php\/san-pham\/dau-ca-hoi-zesty-paws-ho-tro-duong-long-tang-cuong-de-khang-cho-meo-my\/#primaryimage\"},\"thumbnailUrl\":\"https:\/\/beoshop.azdigi.shop\/wp-content\/uploads\/2026\/04\/dau-ca-cho-meo-zesty-paw.webp\",\"datePublished\":\"2026-04-18T18:23:24+00:00\",\"dateModified\":\"2026-04-19T11:58:48+00:00\",\"description\":\"D\u1ea7u C\u00e1 H\u1ed3i Zesty Paws H\u1ed7 Tr\u1ee3 D\u01b0\u1ee1ng L\u00f4ng & T\u0103ng C\u01b0\u1eddng \u0110\u1ec1 Kh\u00e1ng Ch\u00f3 M\u00e8o (M\u1ef9)\",\"breadcrumb\":{\"@id\":\"https:\/\/beoshop.azdigi.shop\/index.php\/san-pham\/dau-ca-hoi-zesty-paws-ho-tro-duong-long-tang-cuong-de-khang-cho-meo-my\/#breadcrumb\"},\"inLanguage\":\"vi\",\"potentialAction\":[{\"@type\":\"ReadAction\",\"target\":[\"https:\/\/beoshop.azdigi.shop\/index.php\/san-pham\/dau-ca-hoi-zesty-paws-ho-tro-duong-long-tang-cuong-de-khang-cho-meo-my\/\"]}]},{\"@type\":\"ImageObject\",\"inLanguage\":\"vi\",\"@id\":\"https:\/\/beoshop.azdigi.shop\/index.php\/san-pham\/dau-ca-hoi-zesty-paws-ho-tro-duong-long-tang-cuong-de-khang-cho-meo-my\/#primaryimage\",\"url\":\"https:\/\/beoshop.azdigi.shop\/wp-content\/uploads\/2026\/04\/dau-ca-cho-meo-zesty-paw.webp\",\"contentUrl\":\"https:\/\/beoshop.azdigi.shop\/wp-content\/uploads\/2026\/04\/dau-ca-cho-meo-zesty-paw.webp\",\"width\":1000,\"height\":1000},{\"@type\":\"BreadcrumbList\",\"@id\":\"https:\/\/beoshop.azdigi.shop\/index.php\/san-pham\/dau-ca-hoi-zesty-paws-ho-tro-duong-long-tang-cuong-de-khang-cho-meo-my\/#breadcrumb\",\"itemListElement\":[{\"@type\":\"ListItem\",\"position\":1,\"name\":\"Trang ch\u1ee7\",\"item\":\"https:\/\/beoshop.azdigi.shop\/\"},{\"@type\":\"ListItem\",\"position\":2,\"name\":\"S\u1ea3n ph\u1ea9m\",\"item\":\"https:\/\/beoshop.azdigi.shop\/index.php\/cua-hang__trashed\/\"},{\"@type\":\"ListItem\",\"position\":3,\"name\":\"D\u1ea7u C\u00e1 H\u1ed3i Zesty Paws H\u1ed7 Tr\u1ee3 D\u01b0\u1ee1ng L\u00f4ng &#038; T\u0103ng C\u01b0\u1eddng \u0110\u1ec1 Kh\u00e1ng Ch\u00f3 M\u00e8o (M\u1ef9)\"}]},{\"@type\":\"WebSite\",\"@id\":\"https:\/\/beoshop.azdigi.shop\/#website\",\"url\":\"https:\/\/beoshop.azdigi.shop\/\",\"name\":\"thucung123\",\"description\":\"\",\"publisher\":{\"@id\":\"https:\/\/beoshop.azdigi.shop\/#organization\"},\"potentialAction\":[{\"@type\":\"SearchAction\",\"target\":{\"@type\":\"EntryPoint\",\"urlTemplate\":\"https:\/\/beoshop.azdigi.shop\/?s={search_term_string}\"},\"query-input\":{\"@type\":\"PropertyValueSpecification\",\"valueRequired\":true,\"valueName\":\"search_term_string\"}}],\"inLanguage\":\"vi\"},{\"@type\":\"Organization\",\"@id\":\"https:\/\/beoshop.azdigi.shop\/#organization\",\"name\":\"thucung123\",\"url\":\"https:\/\/beoshop.azdigi.shop\/\",\"logo\":{\"@type\":\"ImageObject\",\"inLanguage\":\"vi\",\"@id\":\"https:\/\/beoshop.azdigi.shop\/#\/schema\/logo\/image\/\",\"url\":\"https:\/\/beoshop.azdigi.shop\/wp-content\/uploads\/2026\/03\/Black-and-White-Simple-Cat-Pet-Accessories-Logo.png\",\"contentUrl\":\"https:\/\/beoshop.azdigi.shop\/wp-content\/uploads\/2026\/03\/Black-and-White-Simple-Cat-Pet-Accessories-Logo.png\",\"width\":2000,\"height\":2000,\"caption\":\"thucung123\"},\"image\":{\"@id\":\"https:\/\/beoshop.azdigi.shop\/#\/schema\/logo\/image\/\"}}]}<\/script>\n<!-- \/ Yoast SEO plugin. -->","yoast_head_json":{"title":"D\u1ea7u C\u00e1 H\u1ed3i Zesty Paws H\u1ed7 Tr\u1ee3 D\u01b0\u1ee1ng L\u00f4ng & T\u0103ng C\u01b0\u1eddng \u0110\u1ec1 Kh\u00e1ng Ch\u00f3 M\u00e8o (M\u1ef9) - thucung123","description":"D\u1ea7u C\u00e1 H\u1ed3i Zesty Paws H\u1ed7 Tr\u1ee3 D\u01b0\u1ee1ng L\u00f4ng & T\u0103ng C\u01b0\u1eddng \u0110\u1ec1 Kh\u00e1ng Ch\u00f3 M\u00e8o (M\u1ef9)","robots":{"index":"index","follow":"follow","max-snippet":"max-snippet:-1","max-image-preview":"max-image-preview:large","max-video-preview":"max-video-preview:-1"},"canonical":"https:\/\/beoshop.azdigi.shop\/index.php\/san-pham\/dau-ca-hoi-zesty-paws-ho-tro-duong-long-tang-cuong-de-khang-cho-meo-my\/","og_locale":"vi_VN","og_type":"article","og_title":"D\u1ea7u C\u00e1 H\u1ed3i Zesty Paws H\u1ed7 Tr\u1ee3 D\u01b0\u1ee1ng L\u00f4ng & T\u0103ng C\u01b0\u1eddng \u0110\u1ec1 Kh\u00e1ng Ch\u00f3 M\u00e8o (M\u1ef9) - thucung123","og_description":"D\u1ea7u C\u00e1 H\u1ed3i Zesty Paws H\u1ed7 Tr\u1ee3 D\u01b0\u1ee1ng L\u00f4ng & T\u0103ng C\u01b0\u1eddng \u0110\u1ec1 Kh\u00e1ng Ch\u00f3 M\u00e8o (M\u1ef9)","og_url":"https:\/\/beoshop.azdigi.shop\/index.php\/san-pham\/dau-ca-hoi-zesty-paws-ho-tro-duong-long-tang-cuong-de-khang-cho-meo-my\/","og_site_name":"thucung123","article_modified_time":"2026-04-19T11:58:48+00:00","og_image":[{"width":1000,"height":1000,"url":"https:\/\/beoshop.azdigi.shop\/wp-content\/uploads\/2026\/04\/dau-ca-cho-meo-zesty-paw.webp","type":"image\/webp"}],"twitter_card":"summary_large_image","twitter_misc":{"\u01af\u1edbc t\u00ednh th\u1eddi gian \u0111\u1ecdc":"2 ph\u00fat"},"schema":{"@context":"https:\/\/schema.org","@graph":[{"@type":"WebPage","@id":"https:\/\/beoshop.azdigi.shop\/index.php\/san-pham\/dau-ca-hoi-zesty-paws-ho-tro-duong-long-tang-cuong-de-khang-cho-meo-my\/","url":"https:\/\/beoshop.azdigi.shop\/index.php\/san-pham\/dau-ca-hoi-zesty-paws-ho-tro-duong-long-tang-cuong-de-khang-cho-meo-my\/","name":"D\u1ea7u C\u00e1 H\u1ed3i Zesty Paws H\u1ed7 Tr\u1ee3 D\u01b0\u1ee1ng L\u00f4ng & T\u0103ng C\u01b0\u1eddng \u0110\u1ec1 Kh\u00e1ng Ch\u00f3 M\u00e8o (M\u1ef9) - thucung123","isPartOf":{"@id":"https:\/\/beoshop.azdigi.shop\/#website"},"primaryImageOfPage":{"@id":"https:\/\/beoshop.azdigi.shop\/index.php\/san-pham\/dau-ca-hoi-zesty-paws-ho-tro-duong-long-tang-cuong-de-khang-cho-meo-my\/#primaryimage"},"image":{"@id":"https:\/\/beoshop.azdigi.shop\/index.php\/san-pham\/dau-ca-hoi-zesty-paws-ho-tro-duong-long-tang-cuong-de-khang-cho-meo-my\/#primaryimage"},"thumbnailUrl":"https:\/\/beoshop.azdigi.shop\/wp-content\/uploads\/2026\/04\/dau-ca-cho-meo-zesty-paw.webp","datePublished":"2026-04-18T18:23:24+00:00","dateModified":"2026-04-19T11:58:48+00:00","description":"D\u1ea7u C\u00e1 H\u1ed3i Zesty Paws H\u1ed7 Tr\u1ee3 D\u01b0\u1ee1ng L\u00f4ng & T\u0103ng C\u01b0\u1eddng \u0110\u1ec1 Kh\u00e1ng Ch\u00f3 M\u00e8o (M\u1ef9)","breadcrumb":{"@id":"https:\/\/beoshop.azdigi.shop\/index.php\/san-pham\/dau-ca-hoi-zesty-paws-ho-tro-duong-long-tang-cuong-de-khang-cho-meo-my\/#breadcrumb"},"inLanguage":"vi","potentialAction":[{"@type":"ReadAction","target":["https:\/\/beoshop.azdigi.shop\/index.php\/san-pham\/dau-ca-hoi-zesty-paws-ho-tro-duong-long-tang-cuong-de-khang-cho-meo-my\/"]}]},{"@type":"ImageObject","inLanguage":"vi","@id":"https:\/\/beoshop.azdigi.shop\/index.php\/san-pham\/dau-ca-hoi-zesty-paws-ho-tro-duong-long-tang-cuong-de-khang-cho-meo-my\/#primaryimage","url":"https:\/\/beoshop.azdigi.shop\/wp-content\/uploads\/2026\/04\/dau-ca-cho-meo-zesty-paw.webp","contentUrl":"https:\/\/beoshop.azdigi.shop\/wp-content\/uploads\/2026\/04\/dau-ca-cho-meo-zesty-paw.webp","width":1000,"height":1000},{"@type":"BreadcrumbList","@id":"https:\/\/beoshop.azdigi.shop\/index.php\/san-pham\/dau-ca-hoi-zesty-paws-ho-tro-duong-long-tang-cuong-de-khang-cho-meo-my\/#breadcrumb","itemListElement":[{"@type":"ListItem","position":1,"name":"Trang ch\u1ee7","item":"https:\/\/beoshop.azdigi.shop\/"},{"@type":"ListItem","position":2,"name":"S\u1ea3n ph\u1ea9m","item":"https:\/\/beoshop.azdigi.shop\/index.php\/cua-hang__trashed\/"},{"@type":"ListItem","position":3,"name":"D\u1ea7u C\u00e1 H\u1ed3i Zesty Paws H\u1ed7 Tr\u1ee3 D\u01b0\u1ee1ng L\u00f4ng &#038; T\u0103ng C\u01b0\u1eddng \u0110\u1ec1 Kh\u00e1ng Ch\u00f3 M\u00e8o (M\u1ef9)"}]},{"@type":"WebSite","@id":"https:\/\/beoshop.azdigi.shop\/#website","url":"https:\/\/beoshop.azdigi.shop\/","name":"thucung123","description":"","publisher":{"@id":"https:\/\/beoshop.azdigi.shop\/#organization"},"potentialAction":[{"@type":"SearchAction","target":{"@type":"EntryPoint","urlTemplate":"https:\/\/beoshop.azdigi.shop\/?s={search_term_string}"},"query-input":{"@type":"PropertyValueSpecification","valueRequired":true,"valueName":"search_term_string"}}],"inLanguage":"vi"},{"@type":"Organization","@id":"https:\/\/beoshop.azdigi.shop\/#organization","name":"thucung123","url":"https:\/\/beoshop.azdigi.shop\/","logo":{"@type":"ImageObject","inLanguage":"vi","@id":"https:\/\/beoshop.azdigi.shop\/#\/schema\/logo\/image\/","url":"https:\/\/beoshop.azdigi.shop\/wp-content\/uploads\/2026\/03\/Black-and-White-Simple-Cat-Pet-Accessories-Logo.png","contentUrl":"https:\/\/beoshop.azdigi.shop\/wp-content\/uploads\/2026\/03\/Black-and-White-Simple-Cat-Pet-Accessories-Logo.png","width":2000,"height":2000,"caption":"thucung123"},"image":{"@id":"https:\/\/beoshop.azdigi.shop\/#\/schema\/logo\/image\/"}}]}},"brands":[],"_links":{"self":[{"href":"https:\/\/beoshop.azdigi.shop\/index.php\/wp-json\/wp\/v2\/product\/675","targetHints":{"allow":["GET"]}}],"collection":[{"href":"https:\/\/beoshop.azdigi.shop\/index.php\/wp-json\/wp\/v2\/product"}],"about":[{"href":"https:\/\/beoshop.azdigi.shop\/index.php\/wp-json\/wp\/v2\/types\/product"}],"replies":[{"embeddable":true,"href":"https:\/\/beoshop.azdigi.shop\/index.php\/wp-json\/wp\/v2\/comments?post=675"}],"wp:featuredmedia":[{"embeddable":true,"href":"https:\/\/beoshop.azdigi.shop\/index.php\/wp-json\/wp\/v2\/media\/676"}],"wp:attachment":[{"href":"https:\/\/beoshop.azdigi.shop\/index.php\/wp-json\/wp\/v2\/media?parent=675"}],"wp:term":[{"taxonomy":"pwb-brand","embeddable":true,"href":"https:\/\/beoshop.azdigi.shop\/index.php\/wp-json\/wp\/v2\/pwb-brand?post=675"},{"taxonomy":"product_brand","embeddable":true,"href":"https:\/\/beoshop.azdigi.shop\/index.php\/wp-json\/wp\/v2\/product_brand?post=675"},{"taxonomy":"product_cat","embeddable":true,"href":"https:\/\/beoshop.azdigi.shop\/index.php\/wp-json\/wp\/v2\/product_cat?post=675"},{"taxonomy":"product_tag","embeddable":true,"href":"https:\/\/beoshop.azdigi.shop\/index.php\/wp-json\/wp\/v2\/product_tag?post=675"}],"curies":[{"name":"wp","href":"https:\/\/api.w.org\/{rel}","templated":true}]}}