{"id":731,"date":"2026-04-18T19:18:05","date_gmt":"2026-04-18T19:18:05","guid":{"rendered":"https:\/\/beoshop.azdigi.shop\/?post_type=product&#038;p=731"},"modified":"2026-04-19T09:07:03","modified_gmt":"2026-04-19T09:07:03","slug":"non-mu-noel-giang-sinh-cho-cho-meo","status":"publish","type":"product","link":"https:\/\/beoshop.azdigi.shop\/index.php\/san-pham\/non-mu-noel-giang-sinh-cho-cho-meo\/","title":{"rendered":"N\u00f3n M\u0169 Noel Gi\u00e1ng Sinh Cho Ch\u00f3 M\u00e8o"},"content":{"rendered":"<h1>N\u00f3n Noel Cho Ch\u00f3 M\u00e8o 20x14cm<\/h1>\n<p>-R\u1ea5t th\u00edch h\u1ee3p cho b\u00e9 c\u1ee1 nh\u1ecf v\u00e0 nh\u1eefng b\u00e9 c\u1ee1 trung. Khi \u0111\u1ed9i v\u00e0o nh\u00ecn b\u00e9 c\u1ef1c \u0111\u00e1ng y\u00eau lu\u00f4n khi ba m\u1eb9 \u00f4m b\u00e9 c\u0169ng s\u1ebd c\u1ef1c k\u00ec th\u00edch lu\u00f4n \u0111\u00f3 nha!<\/p>\n<p>-B\u1ea1n c\u00f3 th\u1ec3 gi\u1eef \u1ea5m \u0111\u1ea7u b\u00e9 khi tr\u1eddi tr\u1edf l\u1ea1nh. Th\u1eddi ti\u1ebft s\u00e0i g\u00f2n c\u0169ng s\u1eafp chuy\u1ec3n sang tr\u1eddi l\u1ea1nh r\u1ed3i v\u00ec v\u1eady h\u00e3y s\u1ea5m ngay m\u1ed9t chi\u1ebfc m\u0169 cho b\u00e9 nh\u00e0 m\u00ecnh \u0111i n\u00e0o.<\/p>\n<p>-M\u0169 n\u00e0y c\u0169ng r\u1ea5t th\u00edch h\u1ee3p \u0111\u1ec3 cho b\u00e9 \u0111i du l\u1ecbch, ra ngo\u00e0i \u0111\u01b0\u1eddng ai nh\u00ecn c\u0169ng s\u1ebd th\u00edch. K\u00edch c\u1ee1:\u00a0 th\u00edch h\u1ee3p cho m\u00e8o nh\u1ecf v\u00e0 v\u1eeba<\/p>\n","protected":false},"excerpt":{"rendered":"<p>m\u0169 noel cho ch\u00f3 m\u00e8o<\/p>\n","protected":false},"featured_media":732,"comment_status":"open","ping_status":"closed","template":"","meta":[],"pwb-brand":[],"product_brand":[],"product_cat":[28,39,65,21,66,36],"product_tag":[],"class_list":{"0":"post-731","1":"product","2":"type-product","3":"status-publish","4":"has-post-thumbnail","6":"product_cat-cho","7":"product_cat-meo","8":"product_cat-phu-kien-do-choi-meo","9":"product_cat-phu-kien-do-choi","10":"product_cat-quan-ao-non-mu-meo","11":"product_cat-quan-ao-non-mu","13":"first","14":"instock","15":"shipping-taxable","16":"purchasable","17":"product-type-simple"},"yoast_head":"<!-- This site is optimized with the Yoast SEO plugin v27.1.1 - https:\/\/yoast.com\/product\/yoast-seo-wordpress\/ -->\n<title>N\u00f3n M\u0169 Noel Gi\u00e1ng Sinh Cho Ch\u00f3 M\u00e8o - thucung123<\/title>\n<meta name=\"description\" content=\"N\u00f3n M\u0169 Noel Gi\u00e1ng Sinh Cho Ch\u00f3 M\u00e8o\" \/>\n<meta name=\"robots\" content=\"index, follow, max-snippet:-1, max-image-preview:large, max-video-preview:-1\" \/>\n<link rel=\"canonical\" href=\"https:\/\/beoshop.azdigi.shop\/index.php\/san-pham\/non-mu-noel-giang-sinh-cho-cho-meo\/\" \/>\n<meta property=\"og:locale\" content=\"vi_VN\" \/>\n<meta property=\"og:type\" content=\"article\" \/>\n<meta property=\"og:title\" content=\"N\u00f3n M\u0169 Noel Gi\u00e1ng Sinh Cho Ch\u00f3 M\u00e8o - thucung123\" \/>\n<meta property=\"og:description\" content=\"N\u00f3n M\u0169 Noel Gi\u00e1ng Sinh Cho Ch\u00f3 M\u00e8o\" \/>\n<meta property=\"og:url\" content=\"https:\/\/beoshop.azdigi.shop\/index.php\/san-pham\/non-mu-noel-giang-sinh-cho-cho-meo\/\" \/>\n<meta property=\"og:site_name\" content=\"thucung123\" \/>\n<meta property=\"article:modified_time\" content=\"2026-04-19T09:07:03+00:00\" \/>\n<meta property=\"og:image\" content=\"https:\/\/beoshop.azdigi.shop\/wp-content\/uploads\/2026\/04\/Hinhn_nsp_1.webp\" \/>\n\t<meta property=\"og:image:width\" content=\"800\" \/>\n\t<meta property=\"og:image:height\" content=\"800\" \/>\n\t<meta property=\"og:image:type\" content=\"image\/webp\" \/>\n<meta name=\"twitter:card\" content=\"summary_large_image\" \/>\n<meta name=\"twitter:label1\" content=\"\u01af\u1edbc t\u00ednh th\u1eddi gian \u0111\u1ecdc\" \/>\n\t<meta name=\"twitter:data1\" content=\"1 ph\u00fat\" \/>\n<script type=\"application\/ld+json\" class=\"yoast-schema-graph\">{\"@context\":\"https:\/\/schema.org\",\"@graph\":[{\"@type\":\"WebPage\",\"@id\":\"https:\/\/beoshop.azdigi.shop\/index.php\/san-pham\/non-mu-noel-giang-sinh-cho-cho-meo\/\",\"url\":\"https:\/\/beoshop.azdigi.shop\/index.php\/san-pham\/non-mu-noel-giang-sinh-cho-cho-meo\/\",\"name\":\"N\u00f3n M\u0169 Noel Gi\u00e1ng Sinh Cho Ch\u00f3 M\u00e8o - thucung123\",\"isPartOf\":{\"@id\":\"https:\/\/beoshop.azdigi.shop\/#website\"},\"primaryImageOfPage\":{\"@id\":\"https:\/\/beoshop.azdigi.shop\/index.php\/san-pham\/non-mu-noel-giang-sinh-cho-cho-meo\/#primaryimage\"},\"image\":{\"@id\":\"https:\/\/beoshop.azdigi.shop\/index.php\/san-pham\/non-mu-noel-giang-sinh-cho-cho-meo\/#primaryimage\"},\"thumbnailUrl\":\"https:\/\/beoshop.azdigi.shop\/wp-content\/uploads\/2026\/04\/Hinhn_nsp_1.webp\",\"datePublished\":\"2026-04-18T19:18:05+00:00\",\"dateModified\":\"2026-04-19T09:07:03+00:00\",\"description\":\"N\u00f3n M\u0169 Noel Gi\u00e1ng Sinh Cho Ch\u00f3 M\u00e8o\",\"breadcrumb\":{\"@id\":\"https:\/\/beoshop.azdigi.shop\/index.php\/san-pham\/non-mu-noel-giang-sinh-cho-cho-meo\/#breadcrumb\"},\"inLanguage\":\"vi\",\"potentialAction\":[{\"@type\":\"ReadAction\",\"target\":[\"https:\/\/beoshop.azdigi.shop\/index.php\/san-pham\/non-mu-noel-giang-sinh-cho-cho-meo\/\"]}]},{\"@type\":\"ImageObject\",\"inLanguage\":\"vi\",\"@id\":\"https:\/\/beoshop.azdigi.shop\/index.php\/san-pham\/non-mu-noel-giang-sinh-cho-cho-meo\/#primaryimage\",\"url\":\"https:\/\/beoshop.azdigi.shop\/wp-content\/uploads\/2026\/04\/Hinhn_nsp_1.webp\",\"contentUrl\":\"https:\/\/beoshop.azdigi.shop\/wp-content\/uploads\/2026\/04\/Hinhn_nsp_1.webp\",\"width\":800,\"height\":800},{\"@type\":\"BreadcrumbList\",\"@id\":\"https:\/\/beoshop.azdigi.shop\/index.php\/san-pham\/non-mu-noel-giang-sinh-cho-cho-meo\/#breadcrumb\",\"itemListElement\":[{\"@type\":\"ListItem\",\"position\":1,\"name\":\"Trang ch\u1ee7\",\"item\":\"https:\/\/beoshop.azdigi.shop\/\"},{\"@type\":\"ListItem\",\"position\":2,\"name\":\"S\u1ea3n ph\u1ea9m\",\"item\":\"https:\/\/beoshop.azdigi.shop\/index.php\/cua-hang__trashed\/\"},{\"@type\":\"ListItem\",\"position\":3,\"name\":\"N\u00f3n M\u0169 Noel Gi\u00e1ng Sinh Cho Ch\u00f3 M\u00e8o\"}]},{\"@type\":\"WebSite\",\"@id\":\"https:\/\/beoshop.azdigi.shop\/#website\",\"url\":\"https:\/\/beoshop.azdigi.shop\/\",\"name\":\"thucung123\",\"description\":\"\",\"publisher\":{\"@id\":\"https:\/\/beoshop.azdigi.shop\/#organization\"},\"potentialAction\":[{\"@type\":\"SearchAction\",\"target\":{\"@type\":\"EntryPoint\",\"urlTemplate\":\"https:\/\/beoshop.azdigi.shop\/?s={search_term_string}\"},\"query-input\":{\"@type\":\"PropertyValueSpecification\",\"valueRequired\":true,\"valueName\":\"search_term_string\"}}],\"inLanguage\":\"vi\"},{\"@type\":\"Organization\",\"@id\":\"https:\/\/beoshop.azdigi.shop\/#organization\",\"name\":\"thucung123\",\"url\":\"https:\/\/beoshop.azdigi.shop\/\",\"logo\":{\"@type\":\"ImageObject\",\"inLanguage\":\"vi\",\"@id\":\"https:\/\/beoshop.azdigi.shop\/#\/schema\/logo\/image\/\",\"url\":\"https:\/\/beoshop.azdigi.shop\/wp-content\/uploads\/2026\/03\/Black-and-White-Simple-Cat-Pet-Accessories-Logo.png\",\"contentUrl\":\"https:\/\/beoshop.azdigi.shop\/wp-content\/uploads\/2026\/03\/Black-and-White-Simple-Cat-Pet-Accessories-Logo.png\",\"width\":2000,\"height\":2000,\"caption\":\"thucung123\"},\"image\":{\"@id\":\"https:\/\/beoshop.azdigi.shop\/#\/schema\/logo\/image\/\"}}]}<\/script>\n<!-- \/ Yoast SEO plugin. -->","yoast_head_json":{"title":"N\u00f3n M\u0169 Noel Gi\u00e1ng Sinh Cho Ch\u00f3 M\u00e8o - thucung123","description":"N\u00f3n M\u0169 Noel Gi\u00e1ng Sinh Cho Ch\u00f3 M\u00e8o","robots":{"index":"index","follow":"follow","max-snippet":"max-snippet:-1","max-image-preview":"max-image-preview:large","max-video-preview":"max-video-preview:-1"},"canonical":"https:\/\/beoshop.azdigi.shop\/index.php\/san-pham\/non-mu-noel-giang-sinh-cho-cho-meo\/","og_locale":"vi_VN","og_type":"article","og_title":"N\u00f3n M\u0169 Noel Gi\u00e1ng Sinh Cho Ch\u00f3 M\u00e8o - thucung123","og_description":"N\u00f3n M\u0169 Noel Gi\u00e1ng Sinh Cho Ch\u00f3 M\u00e8o","og_url":"https:\/\/beoshop.azdigi.shop\/index.php\/san-pham\/non-mu-noel-giang-sinh-cho-cho-meo\/","og_site_name":"thucung123","article_modified_time":"2026-04-19T09:07:03+00:00","og_image":[{"width":800,"height":800,"url":"https:\/\/beoshop.azdigi.shop\/wp-content\/uploads\/2026\/04\/Hinhn_nsp_1.webp","type":"image\/webp"}],"twitter_card":"summary_large_image","twitter_misc":{"\u01af\u1edbc t\u00ednh th\u1eddi gian \u0111\u1ecdc":"1 ph\u00fat"},"schema":{"@context":"https:\/\/schema.org","@graph":[{"@type":"WebPage","@id":"https:\/\/beoshop.azdigi.shop\/index.php\/san-pham\/non-mu-noel-giang-sinh-cho-cho-meo\/","url":"https:\/\/beoshop.azdigi.shop\/index.php\/san-pham\/non-mu-noel-giang-sinh-cho-cho-meo\/","name":"N\u00f3n M\u0169 Noel Gi\u00e1ng Sinh Cho Ch\u00f3 M\u00e8o - thucung123","isPartOf":{"@id":"https:\/\/beoshop.azdigi.shop\/#website"},"primaryImageOfPage":{"@id":"https:\/\/beoshop.azdigi.shop\/index.php\/san-pham\/non-mu-noel-giang-sinh-cho-cho-meo\/#primaryimage"},"image":{"@id":"https:\/\/beoshop.azdigi.shop\/index.php\/san-pham\/non-mu-noel-giang-sinh-cho-cho-meo\/#primaryimage"},"thumbnailUrl":"https:\/\/beoshop.azdigi.shop\/wp-content\/uploads\/2026\/04\/Hinhn_nsp_1.webp","datePublished":"2026-04-18T19:18:05+00:00","dateModified":"2026-04-19T09:07:03+00:00","description":"N\u00f3n M\u0169 Noel Gi\u00e1ng Sinh Cho Ch\u00f3 M\u00e8o","breadcrumb":{"@id":"https:\/\/beoshop.azdigi.shop\/index.php\/san-pham\/non-mu-noel-giang-sinh-cho-cho-meo\/#breadcrumb"},"inLanguage":"vi","potentialAction":[{"@type":"ReadAction","target":["https:\/\/beoshop.azdigi.shop\/index.php\/san-pham\/non-mu-noel-giang-sinh-cho-cho-meo\/"]}]},{"@type":"ImageObject","inLanguage":"vi","@id":"https:\/\/beoshop.azdigi.shop\/index.php\/san-pham\/non-mu-noel-giang-sinh-cho-cho-meo\/#primaryimage","url":"https:\/\/beoshop.azdigi.shop\/wp-content\/uploads\/2026\/04\/Hinhn_nsp_1.webp","contentUrl":"https:\/\/beoshop.azdigi.shop\/wp-content\/uploads\/2026\/04\/Hinhn_nsp_1.webp","width":800,"height":800},{"@type":"BreadcrumbList","@id":"https:\/\/beoshop.azdigi.shop\/index.php\/san-pham\/non-mu-noel-giang-sinh-cho-cho-meo\/#breadcrumb","itemListElement":[{"@type":"ListItem","position":1,"name":"Trang ch\u1ee7","item":"https:\/\/beoshop.azdigi.shop\/"},{"@type":"ListItem","position":2,"name":"S\u1ea3n ph\u1ea9m","item":"https:\/\/beoshop.azdigi.shop\/index.php\/cua-hang__trashed\/"},{"@type":"ListItem","position":3,"name":"N\u00f3n M\u0169 Noel Gi\u00e1ng Sinh Cho Ch\u00f3 M\u00e8o"}]},{"@type":"WebSite","@id":"https:\/\/beoshop.azdigi.shop\/#website","url":"https:\/\/beoshop.azdigi.shop\/","name":"thucung123","description":"","publisher":{"@id":"https:\/\/beoshop.azdigi.shop\/#organization"},"potentialAction":[{"@type":"SearchAction","target":{"@type":"EntryPoint","urlTemplate":"https:\/\/beoshop.azdigi.shop\/?s={search_term_string}"},"query-input":{"@type":"PropertyValueSpecification","valueRequired":true,"valueName":"search_term_string"}}],"inLanguage":"vi"},{"@type":"Organization","@id":"https:\/\/beoshop.azdigi.shop\/#organization","name":"thucung123","url":"https:\/\/beoshop.azdigi.shop\/","logo":{"@type":"ImageObject","inLanguage":"vi","@id":"https:\/\/beoshop.azdigi.shop\/#\/schema\/logo\/image\/","url":"https:\/\/beoshop.azdigi.shop\/wp-content\/uploads\/2026\/03\/Black-and-White-Simple-Cat-Pet-Accessories-Logo.png","contentUrl":"https:\/\/beoshop.azdigi.shop\/wp-content\/uploads\/2026\/03\/Black-and-White-Simple-Cat-Pet-Accessories-Logo.png","width":2000,"height":2000,"caption":"thucung123"},"image":{"@id":"https:\/\/beoshop.azdigi.shop\/#\/schema\/logo\/image\/"}}]}},"brands":[],"_links":{"self":[{"href":"https:\/\/beoshop.azdigi.shop\/index.php\/wp-json\/wp\/v2\/product\/731","targetHints":{"allow":["GET"]}}],"collection":[{"href":"https:\/\/beoshop.azdigi.shop\/index.php\/wp-json\/wp\/v2\/product"}],"about":[{"href":"https:\/\/beoshop.azdigi.shop\/index.php\/wp-json\/wp\/v2\/types\/product"}],"replies":[{"embeddable":true,"href":"https:\/\/beoshop.azdigi.shop\/index.php\/wp-json\/wp\/v2\/comments?post=731"}],"wp:featuredmedia":[{"embeddable":true,"href":"https:\/\/beoshop.azdigi.shop\/index.php\/wp-json\/wp\/v2\/media\/732"}],"wp:attachment":[{"href":"https:\/\/beoshop.azdigi.shop\/index.php\/wp-json\/wp\/v2\/media?parent=731"}],"wp:term":[{"taxonomy":"pwb-brand","embeddable":true,"href":"https:\/\/beoshop.azdigi.shop\/index.php\/wp-json\/wp\/v2\/pwb-brand?post=731"},{"taxonomy":"product_brand","embeddable":true,"href":"https:\/\/beoshop.azdigi.shop\/index.php\/wp-json\/wp\/v2\/product_brand?post=731"},{"taxonomy":"product_cat","embeddable":true,"href":"https:\/\/beoshop.azdigi.shop\/index.php\/wp-json\/wp\/v2\/product_cat?post=731"},{"taxonomy":"product_tag","embeddable":true,"href":"https:\/\/beoshop.azdigi.shop\/index.php\/wp-json\/wp\/v2\/product_tag?post=731"}],"curies":[{"name":"wp","href":"https:\/\/api.w.org\/{rel}","templated":true}]}}